Last updated on 2024-06-14 01:51:26 CEST.
Flavor | Version | Tinstall | Tcheck | Ttotal | Status | Flags |
---|---|---|---|---|---|---|
r-devel-linux-x86_64-debian-clang | 1.2.1 | 11.85 | 91.77 | 103.62 | OK | |
r-devel-linux-x86_64-debian-gcc | 1.2.1 | 0.36 | 1.66 | 2.02 | ERROR | |
r-devel-linux-x86_64-fedora-clang | 1.2.1 | 130.25 | OK | |||
r-devel-linux-x86_64-fedora-gcc | 1.2.1 | 122.18 | OK | |||
r-devel-windows-x86_64 | 1.2.1 | 13.00 | 86.00 | 99.00 | OK | |
r-patched-linux-x86_64 | 1.2.1 | 10.52 | 89.17 | 99.69 | OK | |
r-release-linux-x86_64 | 1.2.1 | 8.44 | 87.57 | 96.01 | OK | |
r-release-macos-arm64 | 1.2.1 | 39.00 | OK | |||
r-release-macos-x86_64 | 1.2.1 | 58.00 | OK | |||
r-release-windows-x86_64 | 1.2.1 | 13.00 | 86.00 | 99.00 | OK | |
r-oldrel-macos-arm64 | 1.2.1 | 48.00 | OK | |||
r-oldrel-macos-x86_64 | 1.2.1 | 68.00 | OK | |||
r-oldrel-windows-x86_64 | 1.2.1 | 17.00 | 105.00 | 122.00 | OK |
Version: 1.2.1
Check: package dependencies
Result: ERROR
Package required but not available: ‘faraway’
See section ‘The DESCRIPTION file’ in the ‘Writing R Extensions’
manual.
Flavor: r-devel-linux-x86_64-debian-gcc