Last updated on 2024-06-14 01:51:26 CEST.
Flavor | Version | Tinstall | Tcheck | Ttotal | Status | Flags |
---|---|---|---|---|---|---|
r-devel-linux-x86_64-debian-clang | 1.2 | 3.88 | 53.03 | 56.91 | OK | |
r-devel-linux-x86_64-debian-gcc | 1.2 | 3.09 | 36.25 | 39.34 | ERROR | |
r-devel-linux-x86_64-fedora-clang | 1.2 | 74.99 | OK | |||
r-devel-linux-x86_64-fedora-gcc | 1.2 | 80.70 | OK | |||
r-devel-windows-x86_64 | 1.2 | 5.00 | 67.00 | 72.00 | OK | |
r-patched-linux-x86_64 | 1.2 | 4.30 | 50.70 | 55.00 | OK | |
r-release-linux-x86_64 | 1.2 | 4.08 | 51.56 | 55.64 | OK | |
r-release-macos-arm64 | 1.2 | 33.00 | OK | |||
r-release-macos-x86_64 | 1.2 | 47.00 | OK | |||
r-release-windows-x86_64 | 1.2 | 5.00 | 68.00 | 73.00 | OK | |
r-oldrel-macos-arm64 | 1.2 | 29.00 | OK | |||
r-oldrel-macos-x86_64 | 1.2 | 63.00 | OK | |||
r-oldrel-windows-x86_64 | 1.2 | 6.00 | 72.00 | 78.00 | OK |
Version: 1.2
Check: package dependencies
Result: NOTE
Package suggested but not available for checking: ‘testthat’
Flavor: r-devel-linux-x86_64-debian-gcc
Version: 1.2
Check: tests
Result: ERROR
Running ‘testthat.R’ [0s/1s]
Running the tests in ‘tests/testthat.R’ failed.
Complete output:
> library(testthat)
Error in library(testthat) : there is no package called 'testthat'
Execution halted
Flavor: r-devel-linux-x86_64-debian-gcc