Last updated on 2024-06-07 02:55:32 CEST.
Flavor | Version | Tinstall | Tcheck | Ttotal | Status | Flags |
---|---|---|---|---|---|---|
r-devel-linux-x86_64-debian-clang | 2.0.0 | 5.73 | 37.47 | 43.20 | OK | |
r-devel-linux-x86_64-debian-gcc | 2.0.0 | 4.33 | 29.32 | 33.65 | OK | |
r-devel-linux-x86_64-fedora-clang | 2.0.0 | 57.74 | NOTE | |||
r-devel-linux-x86_64-fedora-gcc | 2.0.0 | 52.48 | NOTE | |||
r-devel-windows-x86_64 | 2.0.0 | 5.00 | 49.00 | 54.00 | OK | |
r-patched-linux-x86_64 | 2.0.0 | 6.42 | 36.50 | 42.92 | OK | |
r-release-linux-x86_64 | 2.0.0 | 4.77 | 36.11 | 40.88 | OK | |
r-release-macos-arm64 | 2.0.0 | 21.00 | OK | |||
r-release-macos-x86_64 | 2.0.0 | 32.00 | OK | |||
r-release-windows-x86_64 | 2.0.0 | 7.00 | 49.00 | 56.00 | OK | |
r-oldrel-macos-arm64 | 2.0.0 | 24.00 | OK | |||
r-oldrel-macos-x86_64 | 2.0.0 | 34.00 | OK | |||
r-oldrel-windows-x86_64 | 2.0.0 | 10.00 | 52.00 | 62.00 | OK |
Version: 2.0.0
Check: data for non-ASCII characters
Result: NOTE
Note: found 1810 marked UTF-8 strings
Flavors: r-devel-linux-x86_64-fedora-clang, r-devel-linux-x86_64-fedora-gcc