Last updated on 2024-06-14 01:51:24 CEST.
Flavor | Version | Tinstall | Tcheck | Ttotal | Status | Flags |
---|---|---|---|---|---|---|
r-devel-linux-x86_64-debian-clang | 0.2-1 | 49.16 | 77.88 | 127.04 | OK | |
r-devel-linux-x86_64-debian-gcc | 0.2-1 | 30.11 | 53.44 | 83.55 | ERROR | |
r-devel-linux-x86_64-fedora-clang | 0.2-2 | 193.74 | OK | |||
r-devel-linux-x86_64-fedora-gcc | 0.2-2 | 199.98 | OK | |||
r-devel-windows-x86_64 | 0.2-1 | 39.00 | 104.00 | 143.00 | OK | |
r-patched-linux-x86_64 | 0.2-1 | 35.28 | 73.78 | 109.06 | OK | |
r-release-linux-x86_64 | 0.2-1 | 39.21 | 74.29 | 113.50 | OK | |
r-release-macos-arm64 | 0.2-2 | 63.00 | OK | |||
r-release-macos-x86_64 | 0.2-2 | 142.00 | OK | |||
r-release-windows-x86_64 | 0.2-1 | 42.00 | 113.00 | 155.00 | OK | |
r-oldrel-macos-arm64 | 0.2-2 | 64.00 | OK | |||
r-oldrel-macos-x86_64 | 0.2-2 | 167.00 | OK | |||
r-oldrel-windows-x86_64 | 0.2-1 | 50.00 | 124.00 | 174.00 | OK |
Version: 0.2-1
Check: package dependencies
Result: NOTE
Package suggested but not available for checking: ‘testthat’
Flavor: r-devel-linux-x86_64-debian-gcc
Version: 0.2-1
Check: tests
Result: ERROR
Running ‘testthat.R’ [0s/1s]
Running the tests in ‘tests/testthat.R’ failed.
Complete output:
> library(testthat)
Error in library(testthat) : there is no package called 'testthat'
Execution halted
Flavor: r-devel-linux-x86_64-debian-gcc