Last updated on 2024-06-14 01:51:24 CEST.
Flavor | Version | Tinstall | Tcheck | Ttotal | Status | Flags |
---|---|---|---|---|---|---|
r-devel-linux-x86_64-debian-clang | 0.1.2 | 3.93 | 30.81 | 34.74 | OK | |
r-devel-linux-x86_64-debian-gcc | 0.1.2 | 2.34 | 22.06 | 24.40 | ERROR | |
r-devel-linux-x86_64-fedora-clang | 0.1.2 | 44.24 | OK | |||
r-devel-linux-x86_64-fedora-gcc | 0.1.2 | 41.73 | OK | |||
r-devel-windows-x86_64 | 0.1.2 | 4.00 | 48.00 | 52.00 | OK | |
r-patched-linux-x86_64 | 0.1.2 | 4.06 | 28.56 | 32.62 | OK | |
r-release-linux-x86_64 | 0.1.2 | 2.71 | 28.70 | 31.41 | OK | |
r-release-macos-arm64 | 0.1.2 | 18.00 | OK | |||
r-release-macos-x86_64 | 0.1.2 | 25.00 | OK | |||
r-release-windows-x86_64 | 0.1.2 | 4.00 | 48.00 | 52.00 | OK | |
r-oldrel-macos-arm64 | 0.1.2 | 22.00 | OK | |||
r-oldrel-macos-x86_64 | 0.1.2 | 29.00 | OK | |||
r-oldrel-windows-x86_64 | 0.1.2 | 5.00 | 49.00 | 54.00 | OK |
Version: 0.1.2
Check: package dependencies
Result: NOTE
Package suggested but not available for checking: ‘testthat’
Flavor: r-devel-linux-x86_64-debian-gcc
Version: 0.1.2
Check: tests
Result: ERROR
Running ‘testthat.R’ [0s/1s]
Running the tests in ‘tests/testthat.R’ failed.
Complete output:
> # This file is part of the standard setup for testthat.
> # It is recommended that you do not modify it.
> #
> # Where should you do additional test configuration?
> # Learn more about the roles of various files in:
> # * https://r-pkgs.org/tests.html
> # * https://testthat.r-lib.org/reference/test_package.html#special-files
>
> library(testthat)
Error in library(testthat) : there is no package called 'testthat'
Execution halted
Flavor: r-devel-linux-x86_64-debian-gcc