Last updated on 2024-06-14 01:51:24 CEST.
Flavor | Version | Tinstall | Tcheck | Ttotal | Status | Flags |
---|---|---|---|---|---|---|
r-devel-linux-x86_64-debian-clang | 1.0.3 | 59.01 | 36.54 | 95.55 | OK | |
r-devel-linux-x86_64-debian-gcc | 1.0.3 | 36.46 | 27.02 | 63.48 | ERROR | |
r-devel-linux-x86_64-fedora-clang | 1.0.3 | 123.54 | OK | |||
r-devel-linux-x86_64-fedora-gcc | 1.0.3 | 136.99 | OK | |||
r-devel-windows-x86_64 | 1.0.3 | 39.00 | 72.00 | 111.00 | OK | |
r-patched-linux-x86_64 | 1.0.3 | 47.60 | 35.56 | 83.16 | OK | |
r-release-linux-x86_64 | 1.0.3 | 40.66 | 35.66 | 76.32 | OK | |
r-release-macos-arm64 | 1.0.3 | 39.00 | OK | |||
r-release-macos-x86_64 | 1.0.3 | 56.00 | OK | |||
r-release-windows-x86_64 | 1.0.3 | 39.00 | 79.00 | 118.00 | OK | |
r-oldrel-macos-arm64 | 1.0.3 | 53.00 | OK | |||
r-oldrel-macos-x86_64 | 1.0.3 | 96.00 | OK | |||
r-oldrel-windows-x86_64 | 1.0.3 | 46.00 | 82.00 | 128.00 | OK |
Version: 1.0.3
Check: package dependencies
Result: NOTE
Packages suggested but not available for checking: 'ggplot2', 'testthat'
Flavor: r-devel-linux-x86_64-debian-gcc
Version: 1.0.3
Check: tests
Result: ERROR
Running ‘testthat.R’ [0s/1s]
Running the tests in ‘tests/testthat.R’ failed.
Complete output:
> library(testthat)
Error in library(testthat) : there is no package called 'testthat'
Execution halted
Flavor: r-devel-linux-x86_64-debian-gcc