Last updated on 2024-06-14 01:51:23 CEST.
Flavor | Version | Tinstall | Tcheck | Ttotal | Status | Flags |
---|---|---|---|---|---|---|
r-devel-linux-x86_64-debian-clang | 1.0.7 | 51.76 | 34.22 | 85.98 | OK | |
r-devel-linux-x86_64-debian-gcc | 1.0.7 | 36.43 | 25.06 | 61.49 | ERROR | |
r-devel-linux-x86_64-fedora-clang | 1.0.7 | 111.47 | OK | |||
r-devel-linux-x86_64-fedora-gcc | 1.0.7 | 123.72 | OK | |||
r-devel-windows-x86_64 | 1.0.7 | 39.00 | 68.00 | 107.00 | OK | |
r-patched-linux-x86_64 | 1.0.7 | 51.91 | 33.75 | 85.66 | OK | |
r-release-linux-x86_64 | 1.0.7 | 51.97 | 32.86 | 84.83 | OK | |
r-release-macos-arm64 | 1.0.7 | 32.00 | NOTE | |||
r-release-macos-x86_64 | 1.0.7 | 56.00 | NOTE | |||
r-release-windows-x86_64 | 1.0.7 | 41.00 | 74.00 | 115.00 | OK | |
r-oldrel-macos-arm64 | 1.0.7 | 36.00 | NOTE | |||
r-oldrel-macos-x86_64 | 1.0.7 | 69.00 | NOTE | |||
r-oldrel-windows-x86_64 | 1.0.7 | 48.00 | 76.00 | 124.00 | OK |
Version: 1.0.7
Check: package dependencies
Result: NOTE
Package suggested but not available for checking: ‘testthat’
Flavor: r-devel-linux-x86_64-debian-gcc
Version: 1.0.7
Check: tests
Result: ERROR
Running ‘testthat.R’ [0s/1s]
Running the tests in ‘tests/testthat.R’ failed.
Complete output:
> library(testthat)
Error in library(testthat) : there is no package called 'testthat'
Execution halted
Flavor: r-devel-linux-x86_64-debian-gcc
Version: 1.0.7
Check: installed package size
Result: NOTE
installed size is 14.5Mb
sub-directories of 1Mb or more:
libs 14.4Mb
Flavors: r-release-macos-arm64, r-release-macos-x86_64, r-oldrel-macos-arm64, r-oldrel-macos-x86_64