Last updated on 2025-11-03 00:50:04 CET.
| Flavor | Version | Tinstall | Tcheck | Ttotal | Status | Flags | 
|---|---|---|---|---|---|---|
| r-devel-linux-x86_64-debian-clang | 1.5.2 | 101.31 | 29.47 | 130.78 | OK | |
| r-devel-linux-x86_64-debian-gcc | 1.5.2 | 83.35 | 22.79 | 106.14 | OK | |
| r-devel-linux-x86_64-fedora-clang | 1.5.2 | 166.00 | 67.92 | 233.92 | OK | |
| r-devel-linux-x86_64-fedora-gcc | 1.5.2 | 208.00 | 69.29 | 277.29 | OK | |
| r-devel-windows-x86_64 | 1.5.2 | 116.00 | 83.00 | 199.00 | OK | |
| r-patched-linux-x86_64 | 1.5.2 | 108.87 | 27.73 | 136.60 | OK | |
| r-release-linux-x86_64 | 1.5.2 | 109.46 | 28.21 | 137.67 | OK | |
| r-release-macos-arm64 | 1.5.2 | 44.00 | 35.00 | 79.00 | OK | |
| r-release-macos-x86_64 | 1.5.2 | 41.00 | 49.00 | 90.00 | OK | |
| r-release-windows-x86_64 | 1.5.2 | 119.00 | 82.00 | 201.00 | OK | |
| r-oldrel-macos-arm64 | 1.5.2 | 54.00 | 42.00 | 96.00 | NOTE | |
| r-oldrel-macos-x86_64 | 1.5.2 | 51.00 | 92.00 | 143.00 | NOTE | |
| r-oldrel-windows-x86_64 | 1.5.2 | 116.00 | 100.00 | 216.00 | OK | 
Version: 1.5.2
Check: installed package size
Result: NOTE
    installed size is 12.8Mb
    sub-directories of 1Mb or more:
      libs  12.5Mb
Flavors: r-oldrel-macos-arm64, r-oldrel-macos-x86_64