Last updated on 2024-05-20 01:49:22 CEST.
Flavor | Version | Tinstall | Tcheck | Ttotal | Status | Flags |
---|---|---|---|---|---|---|
r-devel-linux-x86_64-debian-clang | 0.11 | 84.59 | 67.39 | 151.98 | NOTE | |
r-devel-linux-x86_64-debian-gcc | 0.11 | 62.30 | 52.95 | 115.25 | NOTE | |
r-devel-linux-x86_64-fedora-clang | 0.11 | 210.49 | NOTE | |||
r-devel-linux-x86_64-fedora-gcc | 0.11 | 276.22 | NOTE | |||
r-devel-windows-x86_64 | 0.11 | 63.00 | 108.00 | 171.00 | NOTE | |
r-patched-linux-x86_64 | 0.11 | 72.66 | 67.79 | 140.45 | NOTE | |
r-release-linux-x86_64 | 0.11 | 80.30 | 65.84 | 146.14 | NOTE | |
r-release-macos-arm64 | 0.11 | 53.00 | NOTE | |||
r-release-windows-x86_64 | 0.11 | 65.00 | 108.00 | 173.00 | NOTE | |
r-oldrel-macos-arm64 | 0.11 | 61.00 | NOTE | |||
r-oldrel-macos-x86_64 | 0.11 | 100.00 | NOTE | |||
r-oldrel-windows-x86_64 | 0.11 | 75.00 | 114.00 | 189.00 | NOTE |
Version: 0.11
Check: C++ specification
Result: NOTE
Specified C++11: please drop specification unless essential
Flavors: r-devel-linux-x86_64-debian-clang, r-devel-linux-x86_64-debian-gcc, r-devel-linux-x86_64-fedora-clang, r-devel-linux-x86_64-fedora-gcc, r-devel-windows-x86_64, r-patched-linux-x86_64, r-release-linux-x86_64, r-release-macos-arm64, r-release-windows-x86_64, r-oldrel-macos-arm64, r-oldrel-macos-x86_64, r-oldrel-windows-x86_64
Version: 0.11
Check: installed package size
Result: NOTE
installed size is 5.5Mb
sub-directories of 1Mb or more:
libs 5.1Mb
Flavors: r-release-macos-arm64, r-oldrel-macos-arm64, r-oldrel-macos-x86_64