Last updated on 2024-05-20 01:49:21 CEST.
Flavor | Version | Tinstall | Tcheck | Ttotal | Status | Flags |
---|---|---|---|---|---|---|
r-devel-linux-x86_64-debian-clang | 0.9-9 | 9.56 | 82.28 | 91.84 | NOTE | |
r-devel-linux-x86_64-debian-gcc | 0.9-9 | 7.45 | 60.64 | 68.09 | NOTE | |
r-devel-linux-x86_64-fedora-clang | 0.9-9 | 112.17 | NOTE | |||
r-devel-linux-x86_64-fedora-gcc | 0.9-9 | 159.05 | NOTE | |||
r-devel-windows-x86_64 | 0.9-9 | 9.00 | 74.00 | 83.00 | NOTE | |
r-patched-linux-x86_64 | 0.9-9 | 9.54 | 76.56 | 86.10 | NOTE | |
r-release-linux-x86_64 | 0.9-9 | 5.95 | 78.19 | 84.14 | NOTE | |
r-release-macos-arm64 | 0.9-9 | 37.00 | NOTE | |||
r-release-windows-x86_64 | 0.9-9 | 8.00 | 76.00 | 84.00 | NOTE | |
r-oldrel-macos-arm64 | 0.9-9 | 37.00 | NOTE | |||
r-oldrel-macos-x86_64 | 0.9-9 | 59.00 | NOTE | |||
r-oldrel-windows-x86_64 | 0.9-9 | 12.00 | 89.00 | 101.00 | NOTE |
Version: 0.9-9
Check: Rd files
Result: NOTE
checkRd: (-1) school23.Rd:30: Escaped LaTeX specials: \&
checkRd: (-1) school23.Rd:35: Escaped LaTeX specials: \&
Flavors: r-devel-linux-x86_64-debian-clang, r-devel-linux-x86_64-debian-gcc, r-devel-linux-x86_64-fedora-clang, r-devel-linux-x86_64-fedora-gcc, r-devel-windows-x86_64, r-patched-linux-x86_64, r-release-linux-x86_64, r-release-macos-arm64, r-release-windows-x86_64, r-oldrel-macos-arm64, r-oldrel-macos-x86_64, r-oldrel-windows-x86_64