Last updated on 2025-11-03 00:50:04 CET.
| Flavor | Version | Tinstall | Tcheck | Ttotal | Status | Flags | 
|---|---|---|---|---|---|---|
| r-devel-linux-x86_64-debian-clang | 0.5.0 | 4.36 | 51.52 | 55.88 | NOTE | |
| r-devel-linux-x86_64-debian-gcc | 0.5.0 | 3.42 | 39.89 | 43.31 | NOTE | |
| r-devel-linux-x86_64-fedora-clang | 0.5.0 | 21.00 | 71.31 | 92.31 | NOTE | |
| r-devel-linux-x86_64-fedora-gcc | 0.5.0 | 10.00 | 84.40 | 94.40 | NOTE | |
| r-devel-windows-x86_64 | 0.5.0 | 7.00 | 74.00 | 81.00 | NOTE | |
| r-patched-linux-x86_64 | 0.5.0 | 5.10 | 49.24 | 54.34 | NOTE | |
| r-release-linux-x86_64 | 0.5.0 | 3.97 | 49.48 | 53.45 | NOTE | |
| r-release-macos-arm64 | 0.5.0 | 2.00 | 48.00 | 50.00 | NOTE | |
| r-release-macos-x86_64 | 0.5.0 | 5.00 | 74.00 | 79.00 | NOTE | |
| r-release-windows-x86_64 | 0.5.0 | 8.00 | 74.00 | 82.00 | NOTE | |
| r-oldrel-macos-arm64 | 0.5.0 | 2.00 | 36.00 | 38.00 | NOTE | |
| r-oldrel-macos-x86_64 | 0.5.0 | 3.00 | 54.00 | 57.00 | NOTE | |
| r-oldrel-windows-x86_64 | 0.5.0 | 10.00 | 90.00 | 100.00 | NOTE | 
Version: 0.5.0
Check: Rd files
Result: NOTE
  checkRd: (-1) stringCSSRule.Rd:22: Lost braces
      22 | using the {{placeholder}} convention.
         |           ^
  checkRd: (-1) stringTemplate.Rd:23: Lost braces
      23 | placeholders are marked using the {{placeholder}} convention.
         |                                   ^
  checkRd: (-1) stringTemplate.Rd:12: Lost braces
      12 | {{placeholder}} format.}
         | ^
Flavors: r-devel-linux-x86_64-debian-clang, r-devel-linux-x86_64-debian-gcc, r-devel-linux-x86_64-fedora-clang, r-devel-linux-x86_64-fedora-gcc, r-devel-windows-x86_64, r-patched-linux-x86_64, r-release-linux-x86_64, r-release-macos-arm64, r-release-macos-x86_64, r-release-windows-x86_64, r-oldrel-macos-arm64, r-oldrel-macos-x86_64, r-oldrel-windows-x86_64
Version: 0.5.0
Check: Rd cross-references
Result: NOTE
  Found the following Rd file(s) with Rd \link{} targets missing package
  anchors:
    flexPage.Rd: htmlDependency, tagList, shinyUI
    flexPanel.Rd: HTML, htmlDependency, tagList
    gridPage.Rd: htmlDependency, tagList, shinyUI
    gridPanel.Rd: HTML, htmlDependency, tagList
    stringCSSRule.Rd: htmlTemplate
    stringTemplate.Rd: htmlTemplate
  Please provide package anchors for all Rd \link{} targets not in the
  package itself and the base packages.
Flavors: r-devel-linux-x86_64-debian-clang, r-devel-linux-x86_64-debian-gcc, r-devel-windows-x86_64, r-patched-linux-x86_64, r-release-linux-x86_64, r-release-windows-x86_64