Last updated on 2024-06-17 01:48:32 CEST.
Flavor | Version | Tinstall | Tcheck | Ttotal | Status | Flags |
---|---|---|---|---|---|---|
r-devel-linux-x86_64-debian-clang | 0.1.1 | 74.83 | 31.15 | 105.98 | NOTE | |
r-devel-linux-x86_64-debian-gcc | 0.1.1 | 53.42 | 23.65 | 77.07 | NOTE | |
r-devel-linux-x86_64-fedora-clang | 0.1.1 | 147.48 | NOTE | |||
r-devel-linux-x86_64-fedora-gcc | 0.1.1 | 158.27 | NOTE | |||
r-devel-windows-x86_64 | 0.1.1 | 72.00 | 76.00 | 148.00 | NOTE | |
r-patched-linux-x86_64 | 0.1.1 | 63.60 | 28.79 | 92.39 | NOTE | |
r-release-linux-x86_64 | 0.1.1 | 61.31 | 29.88 | 91.19 | NOTE | |
r-release-macos-arm64 | 0.1.1 | 35.00 | NOTE | |||
r-release-macos-x86_64 | 0.1.1 | 48.00 | NOTE | |||
r-release-windows-x86_64 | 0.1.1 | 70.00 | 79.00 | 149.00 | NOTE | |
r-oldrel-macos-arm64 | 0.1.1 | 42.00 | NOTE | |||
r-oldrel-macos-x86_64 | 0.1.1 | 66.00 | NOTE | |||
r-oldrel-windows-x86_64 | 0.1.1 | 76.00 | 81.00 | 157.00 | NOTE |
Version: 0.1.1
Check: Rd files
Result: NOTE
checkRd: (-1) image_fhog.Rd:26: Lost braces in \itemize; \value handles \item{}{} directly
checkRd: (-1) image_fhog.Rd:27: Lost braces in \itemize; \value handles \item{}{} directly
checkRd: (-1) image_fhog.Rd:28: Lost braces in \itemize; \value handles \item{}{} directly
checkRd: (-1) image_fhog.Rd:29: Lost braces in \itemize; \value handles \item{}{} directly
checkRd: (-1) image_fhog.Rd:30: Lost braces in \itemize; \value handles \item{}{} directly
checkRd: (-1) image_fhog.Rd:31: Lost braces in \itemize; \value handles \item{}{} directly
checkRd: (-1) image_surf.Rd:19: Lost braces in \itemize; \value handles \item{}{} directly
checkRd: (-1) image_surf.Rd:20: Lost braces in \itemize; \value handles \item{}{} directly
checkRd: (-1) image_surf.Rd:21: Lost braces in \itemize; \value handles \item{}{} directly
checkRd: (-1) image_surf.Rd:22: Lost braces in \itemize; \value handles \item{}{} directly
checkRd: (-1) image_surf.Rd:23: Lost braces in \itemize; \value handles \item{}{} directly
checkRd: (-1) image_surf.Rd:24: Lost braces in \itemize; \value handles \item{}{} directly
checkRd: (-1) image_surf.Rd:25: Lost braces in \itemize; \value handles \item{}{} directly
checkRd: (-1) image_surf.Rd:26: Lost braces in \itemize; \value handles \item{}{} directly
Flavors: r-devel-linux-x86_64-debian-clang, r-devel-linux-x86_64-debian-gcc, r-devel-linux-x86_64-fedora-clang, r-devel-linux-x86_64-fedora-gcc, r-devel-windows-x86_64, r-patched-linux-x86_64, r-release-linux-x86_64, r-release-macos-arm64, r-release-macos-x86_64, r-release-windows-x86_64
Version: 0.1.1
Check: installed package size
Result: NOTE
installed size is 10.9Mb
sub-directories of 1Mb or more:
dlib-19.20 9.5Mb
Flavors: r-devel-linux-x86_64-fedora-clang, r-devel-windows-x86_64, r-release-macos-arm64, r-release-macos-x86_64, r-release-windows-x86_64, r-oldrel-macos-arm64, r-oldrel-macos-x86_64, r-oldrel-windows-x86_64