Last updated on 2024-06-14 01:51:21 CEST.
Flavor | Version | Tinstall | Tcheck | Ttotal | Status | Flags |
---|---|---|---|---|---|---|
r-devel-linux-x86_64-debian-clang | 0.99.17 | 12.00 | 142.23 | 154.23 | OK | |
r-devel-linux-x86_64-debian-gcc | 0.99.17 | 0.64 | 1.75 | 2.39 | ERROR | |
r-devel-linux-x86_64-fedora-clang | 0.99.17 | 184.03 | OK | |||
r-devel-linux-x86_64-fedora-gcc | 0.99.17 | 215.12 | OK | |||
r-devel-windows-x86_64 | 0.99.17 | 11.00 | 140.00 | 151.00 | OK | |
r-patched-linux-x86_64 | 0.99.17 | 8.69 | 135.29 | 143.98 | OK | |
r-release-linux-x86_64 | 0.99.17 | 6.58 | 133.60 | 140.18 | OK | |
r-release-macos-arm64 | 0.99.17 | 135.00 | OK | |||
r-release-macos-x86_64 | 0.99.17 | 189.00 | OK | |||
r-release-windows-x86_64 | 0.99.17 | 12.00 | 139.00 | 151.00 | OK | |
r-oldrel-macos-arm64 | 0.99.17 | 88.00 | OK | |||
r-oldrel-macos-x86_64 | 0.99.17 | 173.00 | OK | |||
r-oldrel-windows-x86_64 | 0.99.17 | 14.00 | 167.00 | 181.00 | OK |
Version: 0.99.17
Check: package dependencies
Result: ERROR
Packages required but not available:
'stringr', 'dplyr', 'purrr', 'tibble', 'tidyr', 'lubridate',
'testthat', 'progress'
Package suggested but not available for checking: ‘httptest’
See section ‘The DESCRIPTION file’ in the ‘Writing R Extensions’
manual.
Flavor: r-devel-linux-x86_64-debian-gcc