Last updated on 2025-11-03 00:50:02 CET.
| Flavor | Version | Tinstall | Tcheck | Ttotal | Status | Flags | 
|---|---|---|---|---|---|---|
| r-devel-linux-x86_64-debian-clang | 0.6.0 | 1.77 | 39.97 | 41.74 | NOTE | |
| r-devel-linux-x86_64-debian-gcc | 0.6.0 | 1.43 | 32.08 | 33.51 | NOTE | |
| r-devel-linux-x86_64-fedora-clang | 0.6.0 | 60.04 | NOTE | |||
| r-devel-linux-x86_64-fedora-gcc | 0.6.0 | 51.80 | NOTE | |||
| r-devel-windows-x86_64 | 0.6.0 | 4.00 | 57.00 | 61.00 | NOTE | |
| r-patched-linux-x86_64 | 0.6.0 | 1.78 | 36.16 | 37.94 | NOTE | |
| r-release-linux-x86_64 | 0.6.0 | 1.74 | 34.88 | 36.62 | NOTE | |
| r-release-macos-arm64 | 0.6.0 | 1.00 | 33.00 | 34.00 | NOTE | |
| r-release-macos-x86_64 | 0.6.0 | 2.00 | 44.00 | 46.00 | NOTE | |
| r-release-windows-x86_64 | 0.6.0 | 3.00 | 56.00 | 59.00 | NOTE | |
| r-oldrel-macos-arm64 | 0.6.0 | 1.00 | 30.00 | 31.00 | OK | |
| r-oldrel-macos-x86_64 | 0.6.0 | 1.00 | 43.00 | 44.00 | OK | |
| r-oldrel-windows-x86_64 | 0.6.0 | 5.00 | 67.00 | 72.00 | OK | 
Version: 0.6.0
Check: DESCRIPTION meta-information
Result: NOTE
    Missing dependency on R >= 4.1.0 because package code uses the pipe
    |> or function shorthand \(...) syntax added in R 4.1.0.
    File(s) using such syntax:
      ‘ggmugs.R’
Flavors: r-devel-linux-x86_64-debian-clang, r-devel-linux-x86_64-debian-gcc, r-devel-linux-x86_64-fedora-clang, r-devel-linux-x86_64-fedora-gcc, r-devel-windows-x86_64, r-patched-linux-x86_64, r-release-linux-x86_64, r-release-macos-arm64, r-release-macos-x86_64, r-release-windows-x86_64