Last updated on 2024-05-20 01:49:19 CEST.
Flavor | Version | Tinstall | Tcheck | Ttotal | Status | Flags |
---|---|---|---|---|---|---|
r-devel-linux-x86_64-debian-clang | 4.13-26 | 12.38 | 24.70 | 37.08 | OK | |
r-devel-linux-x86_64-debian-gcc | 4.13-26 | 3.78 | 19.21 | 22.99 | OK | |
r-devel-linux-x86_64-fedora-clang | 4.13-26 | 45.56 | OK | |||
r-devel-linux-x86_64-fedora-gcc | 4.13-26 | 41.45 | OK | |||
r-devel-windows-x86_64 | 4.13-26 | 7.00 | 44.00 | 51.00 | WARN | |
r-patched-linux-x86_64 | 4.13-26 | 4.76 | 23.76 | 28.52 | OK | |
r-release-linux-x86_64 | 4.13-26 | 4.96 | 24.26 | 29.22 | OK | |
r-release-macos-arm64 | 4.13-26 | 19.00 | OK | |||
r-release-windows-x86_64 | 4.13-26 | 7.00 | 46.00 | 53.00 | WARN | |
r-oldrel-macos-arm64 | 4.13-26 | 35.00 | OK | |||
r-oldrel-macos-x86_64 | 4.13-26 | 64.00 | OK | |||
r-oldrel-windows-x86_64 | 4.13-26 | 7.00 | 45.00 | 52.00 | OK |
Version: 4.13-26
Check: whether package can be installed
Result: WARN
Found the following significant warnings:
ugee.c:813:54: warning: format '%lu' expects argument of type 'long unsigned int', but argument 2 has type 'long long unsigned int' [-Wformat=]
See 'd:/Rcompile/CRANpkg/local/4.5/gee.Rcheck/00install.out' for details.
* used C compiler: 'gcc.exe (GCC) 13.2.0'
* used Fortran compiler: 'GNU Fortran (GCC) 13.2.0'
Flavor: r-devel-windows-x86_64
Version: 4.13-26
Check: whether package can be installed
Result: WARN
Found the following significant warnings:
ugee.c:813:54: warning: format '%lu' expects argument of type 'long unsigned int', but argument 2 has type 'long long unsigned int' [-Wformat=]
See 'd:/Rcompile/CRANpkg/local/4.4/gee.Rcheck/00install.out' for details.
* used C compiler: 'gcc.exe (GCC) 13.2.0'
* used Fortran compiler: 'GNU Fortran (GCC) 13.2.0'
Flavor: r-release-windows-x86_64