Last updated on 2025-11-03 00:50:02 CET.
| Flavor | Version | Tinstall | Tcheck | Ttotal | Status | Flags | 
|---|---|---|---|---|---|---|
| r-devel-linux-x86_64-debian-clang | 0.7.1 | 337.11 | 150.07 | 487.18 | OK | |
| r-devel-linux-x86_64-debian-gcc | 0.7.1 | 268.72 | 105.42 | 374.14 | OK | |
| r-devel-linux-x86_64-fedora-clang | 0.7.1 | 780.00 | 44.96 | 824.96 | OK | |
| r-devel-linux-x86_64-fedora-gcc | 0.7.1 | 1200.00 | -151.39 | 1048.61 | OK | |
| r-devel-windows-x86_64 | 0.7.1 | 344.00 | 739.00 | 1083.00 | OK | |
| r-patched-linux-x86_64 | 0.7.1 | 369.58 | 136.91 | 506.49 | OK | |
| r-release-linux-x86_64 | 0.7.1 | 364.41 | 137.13 | 501.54 | OK | |
| r-release-macos-arm64 | 0.7.1 | 120.00 | 88.00 | 208.00 | OK | |
| r-release-macos-x86_64 | 0.7.1 | 124.00 | 151.00 | 275.00 | OK | |
| r-release-windows-x86_64 | 0.7.1 | 343.00 | 759.00 | 1102.00 | OK | |
| r-oldrel-macos-arm64 | 0.7.1 | 125.00 | 90.00 | 215.00 | NOTE | |
| r-oldrel-macos-x86_64 | 0.7.1 | 123.00 | 182.00 | 305.00 | NOTE | |
| r-oldrel-windows-x86_64 | 0.7.1 | 358.00 | 916.00 | 1274.00 | NOTE | 
Version: 0.7.1
Check: installed package size
Result: NOTE
    installed size is 97.3Mb
    sub-directories of 1Mb or more:
      L8NY18   2.2Mb
      libs    93.8Mb
Flavors: r-oldrel-macos-arm64, r-oldrel-macos-x86_64, r-oldrel-windows-x86_64