Last updated on 2024-05-20 01:49:19 CEST.
Flavor | Version | Tinstall | Tcheck | Ttotal | Status | Flags |
---|---|---|---|---|---|---|
r-devel-linux-x86_64-debian-clang | 2.3 | 13.95 | 108.83 | 122.78 | NOTE | |
r-devel-linux-x86_64-debian-gcc | 2.3 | 10.75 | 82.01 | 92.76 | NOTE | |
r-devel-linux-x86_64-fedora-clang | 2.3 | 158.26 | NOTE | |||
r-devel-linux-x86_64-fedora-gcc | 2.3 | 198.69 | NOTE | |||
r-devel-windows-x86_64 | 2.3 | 12.00 | 98.00 | 110.00 | NOTE | |
r-patched-linux-x86_64 | 2.3 | 21.76 | 105.44 | 127.20 | NOTE | |
r-release-linux-x86_64 | 2.3 | 11.05 | 105.71 | 116.76 | NOTE | |
r-release-macos-arm64 | 2.3 | 46.00 | NOTE | |||
r-release-windows-x86_64 | 2.3 | 11.00 | 98.00 | 109.00 | NOTE | |
r-oldrel-macos-arm64 | 2.3 | 51.00 | OK | |||
r-oldrel-macos-x86_64 | 2.3 | 67.00 | OK | |||
r-oldrel-windows-x86_64 | 2.3 | 16.00 | 116.00 | 132.00 | OK |
Version: 2.3
Check: Rd files
Result: NOTE
checkRd: (-1) plot.fd.Rd:69-71: Lost braces in \itemize; meant \describe ?
checkRd: (-1) plot.fd.Rd:72-77: Lost braces in \itemize; meant \describe ?
Flavors: r-devel-linux-x86_64-debian-clang, r-devel-linux-x86_64-debian-gcc, r-devel-linux-x86_64-fedora-clang, r-devel-linux-x86_64-fedora-gcc, r-devel-windows-x86_64, r-patched-linux-x86_64, r-release-linux-x86_64, r-release-macos-arm64, r-release-windows-x86_64