Last updated on 2024-06-14 01:51:19 CEST.
Flavor | Version | Tinstall | Tcheck | Ttotal | Status | Flags |
---|---|---|---|---|---|---|
r-devel-linux-x86_64-debian-clang | 0.7.1 | 12.91 | 116.37 | 129.28 | OK | |
r-devel-linux-x86_64-debian-gcc | 0.7.1 | 0.41 | 1.57 | 1.98 | ERROR | |
r-devel-linux-x86_64-fedora-clang | 0.7.1 | 164.76 | OK | |||
r-devel-linux-x86_64-fedora-gcc | 0.7.1 | 112.61 | OK | |||
r-devel-windows-x86_64 | 0.7.1 | 13.00 | 96.00 | 109.00 | OK | |
r-patched-linux-x86_64 | 0.7.1 | 15.01 | 111.04 | 126.05 | OK | |
r-release-linux-x86_64 | 0.7.1 | 10.93 | 110.90 | 121.83 | OK | |
r-release-macos-arm64 | 0.7.1 | 42.00 | OK | |||
r-release-macos-x86_64 | 0.7.1 | 74.00 | OK | |||
r-release-windows-x86_64 | 0.7.1 | 14.00 | 114.00 | 128.00 | OK | |
r-oldrel-macos-arm64 | 0.7.1 | 53.00 | OK | |||
r-oldrel-macos-x86_64 | 0.7.1 | 151.00 | OK | |||
r-oldrel-windows-x86_64 | 0.7.1 | 16.00 | 119.00 | 135.00 | OK |
Version: 0.7.1
Check: package dependencies
Result: ERROR
Packages required but not available: 'microeco', 'dplyr', 'tidyr'
Packages suggested but not available for checking: 'phyloseq', 'readxl'
See section ‘The DESCRIPTION file’ in the ‘Writing R Extensions’
manual.
Flavor: r-devel-linux-x86_64-debian-gcc