Last updated on 2024-06-14 01:51:19 CEST.
Flavor | Version | Tinstall | Tcheck | Ttotal | Status | Flags |
---|---|---|---|---|---|---|
r-devel-linux-x86_64-debian-clang | 0.1.5 | 7.49 | 71.62 | 79.11 | OK | |
r-devel-linux-x86_64-debian-gcc | 0.1.5 | 0.41 | 1.69 | 2.10 | ERROR | |
r-devel-linux-x86_64-fedora-clang | 0.1.5 | 98.07 | OK | |||
r-devel-linux-x86_64-fedora-gcc | 0.1.5 | 104.64 | OK | |||
r-devel-windows-x86_64 | 0.1.5 | 6.00 | 85.00 | 91.00 | OK | |
r-patched-linux-x86_64 | 0.1.5 | 4.54 | 67.71 | 72.25 | OK | |
r-release-linux-x86_64 | 0.1.5 | 4.18 | 66.90 | 71.08 | OK | |
r-release-macos-arm64 | 0.1.5 | 40.00 | OK | |||
r-release-macos-x86_64 | 0.1.5 | 54.00 | OK | |||
r-release-windows-x86_64 | 0.1.5 | 6.00 | 88.00 | 94.00 | OK | |
r-oldrel-macos-arm64 | 0.1.5 | 43.00 | OK | |||
r-oldrel-macos-x86_64 | 0.1.5 | 95.00 | OK | |||
r-oldrel-windows-x86_64 | 0.1.5 | 8.00 | 92.00 | 100.00 | OK |
Version: 0.1.5
Check: package dependencies
Result: ERROR
Packages required but not available: 'readr', 'readxl', 'haven', 'tibble'
Package suggested but not available for checking: ‘testthat’
See section ‘The DESCRIPTION file’ in the ‘Writing R Extensions’
manual.
Flavor: r-devel-linux-x86_64-debian-gcc