Last updated on 2024-06-14 01:51:18 CEST.
Flavor | Version | Tinstall | Tcheck | Ttotal | Status | Flags |
---|---|---|---|---|---|---|
r-devel-linux-x86_64-debian-clang | 1.0.4 | 10.49 | 162.19 | 172.68 | OK | |
r-devel-linux-x86_64-debian-gcc | 1.0.4 | 0.44 | 1.86 | 2.30 | ERROR | |
r-devel-linux-x86_64-fedora-clang | 1.0.4 | 222.73 | OK | |||
r-devel-linux-x86_64-fedora-gcc | 1.0.4 | 211.64 | OK | |||
r-devel-windows-x86_64 | 1.0.4 | 10.00 | 132.00 | 142.00 | OK | |
r-patched-linux-x86_64 | 1.0.4 | 6.51 | 152.29 | 158.80 | OK | |
r-release-linux-x86_64 | 1.0.4 | 7.07 | 151.50 | 158.57 | OK | |
r-release-macos-arm64 | 1.0.4 | 75.00 | OK | |||
r-release-macos-x86_64 | 1.0.4 | 108.00 | OK | |||
r-release-windows-x86_64 | 1.0.4 | 10.00 | 129.00 | 139.00 | OK | |
r-oldrel-macos-arm64 | 1.0.4 | 72.00 | OK | |||
r-oldrel-macos-x86_64 | 1.0.4 | 173.00 | OK | |||
r-oldrel-windows-x86_64 | 1.0.4 | 13.00 | 148.00 | 161.00 | OK |
Version: 1.0.4
Check: package dependencies
Result: ERROR
Packages required but not available:
'dplyr', 'forestmodel', 'ggplot2', 'purrr', 'tibble'
Packages suggested but not available for checking:
'furrr', 'roxygen2', 'testthat'
See section ‘The DESCRIPTION file’ in the ‘Writing R Extensions’
manual.
Flavor: r-devel-linux-x86_64-debian-gcc