Last updated on 2024-05-20 01:49:17 CEST.
Flavor | Version | Tinstall | Tcheck | Ttotal | Status | Flags |
---|---|---|---|---|---|---|
r-devel-linux-x86_64-debian-clang | 0.2.3 | 159.47 | 34.80 | 194.27 | OK | |
r-devel-linux-x86_64-debian-gcc | 0.2.3 | 135.86 | 34.60 | 170.46 | OK | |
r-devel-linux-x86_64-fedora-clang | 0.2.3 | 242.44 | OK | |||
r-devel-linux-x86_64-fedora-gcc | 0.2.3 | 386.61 | OK | |||
r-devel-windows-x86_64 | 0.2.3 | 108.00 | 81.00 | 189.00 | OK | |
r-patched-linux-x86_64 | 0.2.3 | 175.24 | 42.01 | 217.25 | OK | |
r-release-linux-x86_64 | 0.2.3 | 176.48 | 43.42 | 219.90 | OK | |
r-release-macos-arm64 | 0.2.3 | 70.00 | NOTE | |||
r-release-macos-x86_64 | 0.2.3 | 139.00 | NOTE | |||
r-release-windows-x86_64 | 0.2.3 | 104.00 | 83.00 | 187.00 | OK | |
r-oldrel-macos-arm64 | 0.2.3 | 95.00 | NOTE | |||
r-oldrel-macos-x86_64 | 0.2.3 | 149.00 | NOTE | |||
r-oldrel-windows-x86_64 | 0.2.3 | 140.00 | 90.00 | 230.00 | OK |
Version: 0.2.3
Check: installed package size
Result: NOTE
installed size is 50.4Mb
sub-directories of 1Mb or more:
libs 49.5Mb
Flavors: r-release-macos-arm64, r-release-macos-x86_64, r-oldrel-macos-arm64, r-oldrel-macos-x86_64