Last updated on 2024-06-17 01:48:28 CEST.
Flavor | Version | Tinstall | Tcheck | Ttotal | Status | Flags |
---|---|---|---|---|---|---|
r-devel-linux-x86_64-debian-clang | 0.2.1 | 8.63 | 120.97 | 129.60 | OK | |
r-devel-linux-x86_64-debian-gcc | 0.2.1 | 7.23 | 87.30 | 94.53 | OK | |
r-devel-linux-x86_64-fedora-clang | 0.2.1 | 157.78 | NOTE | |||
r-devel-linux-x86_64-fedora-gcc | 0.2.1 | 160.10 | NOTE | |||
r-devel-windows-x86_64 | 0.2.1 | 9.00 | 99.00 | 108.00 | OK | |
r-patched-linux-x86_64 | 0.2.1 | 8.42 | 114.45 | 122.87 | OK | |
r-release-linux-x86_64 | 0.2.1 | 9.52 | 112.93 | 122.45 | OK | |
r-release-macos-arm64 | 0.2.1 | 52.00 | OK | |||
r-release-macos-x86_64 | 0.2.1 | 78.00 | OK | |||
r-release-windows-x86_64 | 0.2.1 | 10.00 | 100.00 | 110.00 | OK | |
r-oldrel-macos-arm64 | 0.2.1 | 45.00 | OK | |||
r-oldrel-macos-x86_64 | 0.2.1 | 94.00 | OK | |||
r-oldrel-windows-x86_64 | 0.2.1 | 12.00 | 121.00 | 133.00 | OK |
Version: 0.2.1
Check: data for non-ASCII characters
Result: NOTE
Note: found 6 marked UTF-8 strings
Flavors: r-devel-linux-x86_64-fedora-clang, r-devel-linux-x86_64-fedora-gcc