Last updated on 2024-06-14 01:51:17 CEST.
Flavor | Version | Tinstall | Tcheck | Ttotal | Status | Flags |
---|---|---|---|---|---|---|
r-devel-linux-x86_64-debian-clang | 0.1.0 | 9.31 | 72.42 | 81.73 | NOTE | |
r-devel-linux-x86_64-debian-gcc | 0.1.0 | 0.31 | 1.70 | 2.01 | ERROR | |
r-devel-linux-x86_64-fedora-clang | 0.1.0 | 102.08 | NOTE | |||
r-devel-linux-x86_64-fedora-gcc | 0.1.0 | 104.00 | NOTE | |||
r-devel-windows-x86_64 | 0.1.0 | 8.00 | 68.00 | 76.00 | NOTE | |
r-patched-linux-x86_64 | 0.1.0 | 4.98 | 69.44 | 74.42 | NOTE | |
r-release-linux-x86_64 | 0.1.0 | 4.89 | 67.02 | 71.91 | NOTE | |
r-release-macos-arm64 | 0.1.0 | 36.00 | NOTE | |||
r-release-macos-x86_64 | 0.1.0 | 53.00 | NOTE | |||
r-release-windows-x86_64 | 0.1.0 | 8.00 | 74.00 | 82.00 | NOTE | |
r-oldrel-macos-arm64 | 0.1.0 | 42.00 | NOTE | |||
r-oldrel-macos-x86_64 | 0.1.0 | 65.00 | NOTE | |||
r-oldrel-windows-x86_64 | 0.1.0 | 10.00 | 78.00 | 88.00 | NOTE |
Version: 0.1.0
Check: LazyData
Result: NOTE
'LazyData' is specified without a 'data' directory
Flavors: r-devel-linux-x86_64-debian-clang, r-devel-linux-x86_64-fedora-clang, r-devel-linux-x86_64-fedora-gcc, r-devel-windows-x86_64, r-patched-linux-x86_64, r-release-linux-x86_64, r-release-macos-arm64, r-release-macos-x86_64, r-release-windows-x86_64, r-oldrel-macos-arm64, r-oldrel-macos-x86_64, r-oldrel-windows-x86_64
Version: 0.1.0
Check: package dependencies
Result: ERROR
Package required but not available: ‘devtools’
See section ‘The DESCRIPTION file’ in the ‘Writing R Extensions’
manual.
Flavor: r-devel-linux-x86_64-debian-gcc