Last updated on 2024-05-20 01:49:16 CEST.
Flavor | Version | Tinstall | Tcheck | Ttotal | Status | Flags |
---|---|---|---|---|---|---|
r-devel-linux-x86_64-debian-clang | 2.8.2 | 27.66 | 64.69 | 92.35 | OK | |
r-devel-linux-x86_64-debian-gcc | 2.8.2 | 18.55 | 48.37 | 66.92 | OK | |
r-devel-linux-x86_64-fedora-clang | 2.8.2 | 114.27 | NOTE | |||
r-devel-linux-x86_64-fedora-gcc | 2.8.2 | 161.82 | OK | |||
r-devel-windows-x86_64 | 2.8.2 | 18.00 | 68.00 | 86.00 | OK | |
r-patched-linux-x86_64 | 2.8.2 | 19.27 | 62.26 | 81.53 | OK | |
r-release-linux-x86_64 | 2.8.2 | 18.57 | 61.36 | 79.93 | OK | |
r-release-macos-arm64 | 2.8.2 | 31.00 | OK | |||
r-release-macos-x86_64 | 2.8.2 | 96.00 | NOTE | |||
r-release-windows-x86_64 | 2.8.2 | 17.00 | 69.00 | 86.00 | OK | |
r-oldrel-macos-arm64 | 2.8.2 | 40.00 | OK | |||
r-oldrel-macos-x86_64 | 2.8.2 | 86.00 | OK | |||
r-oldrel-windows-x86_64 | 2.8.2 | 17.00 | 79.00 | 96.00 | OK |
Version: 2.8.2
Check: Rd cross-references
Result: NOTE
Undeclared package ‘distrTEst’ in Rd xrefs
Flavor: r-devel-linux-x86_64-fedora-clang
Version: 2.8.2
Check: Rd cross-references
Result: NOTE
Unknown package ‘distrTEst’ in Rd xrefs
Flavor: r-release-macos-x86_64