Last updated on 2024-06-14 01:51:16 CEST.
Flavor | Version | Tinstall | Tcheck | Ttotal | Status | Flags |
---|---|---|---|---|---|---|
r-devel-linux-x86_64-debian-clang | 1.0.0 | 13.32 | 104.22 | 117.54 | OK | |
r-devel-linux-x86_64-debian-gcc | 1.0.0 | 0.39 | 1.71 | 2.10 | ERROR | |
r-devel-linux-x86_64-fedora-clang | 1.0.0 | 142.86 | OK | |||
r-devel-linux-x86_64-fedora-gcc | 1.0.0 | 133.55 | OK | |||
r-devel-windows-x86_64 | 1.0.0 | 11.00 | 100.00 | 111.00 | OK | |
r-patched-linux-x86_64 | 1.0.0 | 18.38 | 95.81 | 114.19 | OK | |
r-release-linux-x86_64 | 1.0.0 | 11.87 | 98.91 | 110.78 | OK | |
r-release-macos-arm64 | 1.0.0 | 40.00 | OK | |||
r-release-macos-x86_64 | 1.0.0 | 63.00 | OK | |||
r-release-windows-x86_64 | 1.0.0 | 12.00 | 99.00 | 111.00 | OK | |
r-oldrel-macos-arm64 | 1.0.0 | 50.00 | OK | |||
r-oldrel-macos-x86_64 | 1.0.0 | 92.00 | OK | |||
r-oldrel-windows-x86_64 | 1.0.0 | 15.00 | 114.00 | 129.00 | OK |
Version: 1.0.0
Check: package dependencies
Result: ERROR
Package required but not available: ‘greekLetters’
See section ‘The DESCRIPTION file’ in the ‘Writing R Extensions’
manual.
Flavor: r-devel-linux-x86_64-debian-gcc