Last updated on 2024-05-20 01:49:16 CEST.
Flavor | Version | Tinstall | Tcheck | Ttotal | Status | Flags |
---|---|---|---|---|---|---|
r-devel-linux-x86_64-debian-clang | 1.0.2 | 9.82 | 103.63 | 113.45 | OK | |
r-devel-linux-x86_64-debian-gcc | 1.0.2 | 9.92 | 77.19 | 87.11 | OK | |
r-devel-linux-x86_64-fedora-clang | 1.0.2 | 143.59 | OK | |||
r-devel-linux-x86_64-fedora-gcc | 1.0.2 | 189.20 | OK | |||
r-devel-windows-x86_64 | 1.0.2 | 12.00 | 90.00 | 102.00 | OK | |
r-patched-linux-x86_64 | 1.0.2 | 19.48 | 98.90 | 118.38 | OK | |
r-release-linux-x86_64 | 1.0.2 | 11.11 | 99.49 | 110.60 | OK | |
r-release-macos-arm64 | 1.0.2 | 42.00 | OK | |||
r-release-windows-x86_64 | 1.0.2 | 12.00 | 91.00 | 103.00 | OK | |
r-oldrel-macos-arm64 | 1.0.2 | 46.00 | OK | |||
r-oldrel-macos-x86_64 | 1.0.2 | 71.00 | NOTE | |||
r-oldrel-windows-x86_64 | 1.0.2 | 16.00 | 111.00 | 127.00 | OK |
Version: 1.0.2
Check: package dependencies
Result: NOTE
Package suggested but not available for checking: ‘missMDA’
Flavor: r-oldrel-macos-x86_64