Last updated on 2024-06-14 01:51:15 CEST.
Flavor | Version | Tinstall | Tcheck | Ttotal | Status | Flags |
---|---|---|---|---|---|---|
r-devel-linux-x86_64-debian-clang | 1.0.9 | 20.64 | 111.35 | 131.99 | OK | |
r-devel-linux-x86_64-debian-gcc | 1.0.9 | 0.61 | 1.57 | 2.18 | ERROR | |
r-devel-linux-x86_64-fedora-clang | 1.0.9 | 153.88 | OK | |||
r-devel-linux-x86_64-fedora-gcc | 1.0.9 | 148.55 | OK | |||
r-devel-windows-x86_64 | 1.0.9 | 15.00 | 132.00 | 147.00 | OK | |
r-patched-linux-x86_64 | 1.0.9 | 17.91 | 106.27 | 124.18 | OK | |
r-release-linux-x86_64 | 1.0.9 | 10.62 | 106.43 | 117.05 | OK | |
r-release-macos-arm64 | 1.0.9 | 45.00 | OK | |||
r-release-macos-x86_64 | 1.0.9 | 74.00 | OK | |||
r-release-windows-x86_64 | 1.0.9 | 18.00 | 135.00 | 153.00 | OK | |
r-oldrel-macos-arm64 | 1.0.9 | 51.00 | OK | |||
r-oldrel-macos-x86_64 | 1.0.9 | 87.00 | OK | |||
r-oldrel-windows-x86_64 | 1.0.9 | 22.00 | 171.00 | 193.00 | OK |
Version: 1.0.9
Check: package dependencies
Result: ERROR
Package required but not available: ‘Hmisc’
See section ‘The DESCRIPTION file’ in the ‘Writing R Extensions’
manual.
Flavor: r-devel-linux-x86_64-debian-gcc