Last updated on 2025-11-03 00:49:55 CET.
| Flavor | Version | Tinstall | Tcheck | Ttotal | Status | Flags | 
|---|---|---|---|---|---|---|
| r-devel-linux-x86_64-debian-clang | 0.1 | 1.64 | 46.47 | 48.11 | NOTE | |
| r-devel-linux-x86_64-debian-gcc | 0.1 | 1.44 | 31.86 | 33.30 | NOTE | |
| r-devel-linux-x86_64-fedora-clang | 0.1 | 78.37 | NOTE | |||
| r-devel-linux-x86_64-fedora-gcc | 0.1 | 88.03 | NOTE | |||
| r-devel-windows-x86_64 | 0.1 | 3.00 | 57.00 | 60.00 | OK | |
| r-patched-linux-x86_64 | 0.1 | 1.76 | 43.27 | 45.03 | NOTE | |
| r-release-linux-x86_64 | 0.1 | 1.59 | 44.03 | 45.62 | NOTE | |
| r-release-macos-arm64 | 0.1 | 1.00 | 26.00 | 27.00 | OK | |
| r-release-macos-x86_64 | 0.1 | 1.00 | 48.00 | 49.00 | OK | |
| r-release-windows-x86_64 | 0.1 | 2.00 | 58.00 | 60.00 | OK | |
| r-oldrel-macos-arm64 | 0.1 | 1.00 | 29.00 | 30.00 | OK | |
| r-oldrel-macos-x86_64 | 0.1 | 1.00 | 41.00 | 42.00 | OK | |
| r-oldrel-windows-x86_64 | 0.1 | 4.00 | 72.00 | 76.00 | OK | 
Version: 0.1
Check: CRAN incoming feasibility
Result: NOTE
  Maintainer: ‘Gaston Quero <gastonquero@gmail.com>’
  
  No Authors@R field in DESCRIPTION.
  Please add one, modifying
    Authors@R: c(person(given = "Gaston",
                        family = "Quero",
                        role = c("aut", "cre"),
                        email = "gastonquero@gmail.com"),
                 person(given = "Sebastian",
                        family = "Simondi",
                        role = "aut",
                        email = "sebastian.simondi@gmail.com"),
                 person(given = c("with", "contributions", "from", "Victoria"),
                        family = "Bonnecarrere",
                        role = "aut"),
                 person(given = "Lucia",
                        family = "Gutierrez",
                        role = "aut"))
  as necessary.
Flavors: r-devel-linux-x86_64-debian-clang, r-devel-linux-x86_64-debian-gcc
Version: 0.1
Check: for non-standard things in the check directory
Result: NOTE
  Found the following files/directories:
    ‘clusterhap_reports’
Flavors: r-devel-linux-x86_64-debian-clang, r-devel-linux-x86_64-debian-gcc, r-devel-linux-x86_64-fedora-clang, r-devel-linux-x86_64-fedora-gcc, r-patched-linux-x86_64, r-release-linux-x86_64