Last updated on 2024-06-14 01:51:14 CEST.
Flavor | Version | Tinstall | Tcheck | Ttotal | Status | Flags |
---|---|---|---|---|---|---|
r-devel-linux-x86_64-debian-clang | 0.5.5 | 96.70 | 95.32 | 192.02 | OK | |
r-devel-linux-x86_64-debian-gcc | 0.5.5 | 0.40 | 1.70 | 2.10 | ERROR | |
r-devel-linux-x86_64-fedora-clang | 0.5.5 | 276.06 | OK | |||
r-devel-linux-x86_64-fedora-gcc | 0.5.5 | 278.42 | OK | |||
r-devel-windows-x86_64 | 0.5.5 | 76.00 | 117.00 | 193.00 | OK | |
r-patched-linux-x86_64 | 0.5.5 | 83.53 | 89.78 | 173.31 | OK | |
r-release-linux-x86_64 | 0.5.5 | 78.19 | 89.59 | 167.78 | OK | |
r-release-macos-arm64 | 0.5.5 | 71.00 | OK | |||
r-release-macos-x86_64 | 0.5.5 | 87.00 | OK | |||
r-release-windows-x86_64 | 0.5.5 | 76.00 | 114.00 | 190.00 | OK | |
r-oldrel-macos-arm64 | 0.5.5 | 73.00 | OK | |||
r-oldrel-macos-x86_64 | 0.5.5 | 125.00 | OK | |||
r-oldrel-windows-x86_64 | 0.5.5 | 92.00 | 136.00 | 228.00 | OK |
Version: 0.5.5
Check: package dependencies
Result: ERROR
Packages required but not available: 'igraph', 'dplyr'
Package suggested but not available for checking: ‘testthat’
See section ‘The DESCRIPTION file’ in the ‘Writing R Extensions’
manual.
Flavor: r-devel-linux-x86_64-debian-gcc