Last updated on 2024-06-14 01:51:14 CEST.
Flavor | Version | Tinstall | Tcheck | Ttotal | Status | Flags |
---|---|---|---|---|---|---|
r-devel-linux-x86_64-debian-clang | 0.4.0.0 | 4.94 | 62.90 | 67.84 | OK | |
r-devel-linux-x86_64-debian-gcc | 0.4.0.0 | 0.34 | 1.91 | 2.25 | ERROR | |
r-devel-linux-x86_64-fedora-clang | 0.4.0.0 | 86.59 | OK | |||
r-devel-linux-x86_64-fedora-gcc | 0.4.0.0 | 93.42 | OK | |||
r-devel-windows-x86_64 | 0.4.0.0 | 6.00 | 73.00 | 79.00 | OK | |
r-patched-linux-x86_64 | 0.4.0.0 | 4.53 | 61.35 | 65.88 | OK | |
r-release-linux-x86_64 | 0.4.0.0 | 4.81 | 60.79 | 65.60 | OK | |
r-release-macos-arm64 | 0.4.0.0 | 38.00 | OK | |||
r-release-macos-x86_64 | 0.4.0.0 | 64.00 | OK | |||
r-release-windows-x86_64 | 0.4.0.0 | 6.00 | 73.00 | 79.00 | OK | |
r-oldrel-macos-arm64 | 0.4.0.0 | 40.00 | OK | |||
r-oldrel-macos-x86_64 | 0.4.0.0 | 91.00 | OK | |||
r-oldrel-windows-x86_64 | 0.4.0.0 | 9.00 | 84.00 | 93.00 | OK |
Version: 0.4.0.0
Check: package dependencies
Result: ERROR
Packages required but not available: 'spinifex', 'ggplot2', 'plotly'
Packages suggested but not available for checking:
'tourr', 'gganimate', 'dplyr', 'tidyr', 'beepr', 'testthat'
See section ‘The DESCRIPTION file’ in the ‘Writing R Extensions’
manual.
Flavor: r-devel-linux-x86_64-debian-gcc