Last updated on 2024-06-14 01:51:14 CEST.
Flavor | Version | Tinstall | Tcheck | Ttotal | Status | Flags |
---|---|---|---|---|---|---|
r-devel-linux-x86_64-debian-clang | 1.0.2 | 89.98 | 137.35 | 227.33 | NOTE | |
r-devel-linux-x86_64-debian-gcc | 1.0.2 | 0.50 | 1.78 | 2.28 | ERROR | |
r-devel-linux-x86_64-fedora-clang | 1.0.2 | 297.43 | NOTE | |||
r-devel-linux-x86_64-fedora-gcc | 1.0.2 | 299.14 | NOTE | |||
r-devel-windows-x86_64 | 1.0.2 | 68.00 | 131.00 | 199.00 | NOTE | |
r-patched-linux-x86_64 | 1.0.2 | 73.78 | 132.46 | 206.24 | NOTE | |
r-release-linux-x86_64 | 1.0.2 | 73.61 | 132.66 | 206.27 | NOTE | |
r-release-macos-arm64 | 1.0.2 | 76.00 | NOTE | |||
r-release-macos-x86_64 | 1.0.2 | 107.00 | NOTE | |||
r-release-windows-x86_64 | 1.0.2 | 72.00 | 130.00 | 202.00 | NOTE | |
r-oldrel-macos-arm64 | 1.0.2 | 76.00 | NOTE | |||
r-oldrel-macos-x86_64 | 1.0.2 | 131.00 | NOTE | |||
r-oldrel-windows-x86_64 | 1.0.2 | 85.00 | 165.00 | 250.00 | NOTE |
Version: 1.0.2
Check: package dependencies
Result: NOTE
Package suggested but not available for checking: ‘rkeops’
Flavors: r-devel-linux-x86_64-debian-clang, r-devel-linux-x86_64-fedora-clang, r-devel-linux-x86_64-fedora-gcc, r-devel-windows-x86_64, r-patched-linux-x86_64, r-release-linux-x86_64, r-release-windows-x86_64, r-oldrel-windows-x86_64
Version: 1.0.2
Check: package dependencies
Result: ERROR
Packages required but not available: 'ggplot2', 'loo'
Packages suggested but not available for checking: 'testthat', 'rkeops'
See section ‘The DESCRIPTION file’ in the ‘Writing R Extensions’
manual.
Flavor: r-devel-linux-x86_64-debian-gcc
Version: 1.0.2
Check: installed package size
Result: NOTE
installed size is 7.5Mb
sub-directories of 1Mb or more:
R 2.3Mb
libs 4.5Mb
Flavors: r-release-macos-arm64, r-release-macos-x86_64, r-oldrel-macos-arm64, r-oldrel-macos-x86_64