Last updated on 2024-06-17 01:48:25 CEST.
Flavor | Version | Tinstall | Tcheck | Ttotal | Status | Flags |
---|---|---|---|---|---|---|
r-devel-linux-x86_64-debian-clang | 1.3.15 | 360.03 | 154.56 | 514.59 | OK | |
r-devel-linux-x86_64-debian-gcc | 1.3.15 | 292.84 | 130.36 | 423.20 | OK | |
r-devel-linux-x86_64-fedora-clang | 1.3.15 | 611.61 | NOTE | |||
r-devel-linux-x86_64-fedora-gcc | 1.3.15 | 822.14 | NOTE | |||
r-devel-windows-x86_64 | 1.3.15 | 261.00 | 153.00 | 414.00 | OK | |
r-patched-linux-x86_64 | 1.3.15 | 0.01 | 2.38 | 2.39 | ERROR | |
r-release-linux-x86_64 | 1.3.15 | 275.74 | 170.33 | 446.07 | OK | |
r-release-macos-arm64 | 1.3.15 | 164.00 | NOTE | |||
r-release-macos-x86_64 | 1.3.15 | 217.00 | NOTE | |||
r-release-windows-x86_64 | 1.3.15 | 257.00 | 155.00 | 412.00 | OK | |
r-oldrel-macos-arm64 | 1.3.15 | 182.00 | NOTE | |||
r-oldrel-macos-x86_64 | 1.3.15 | 259.00 | NOTE | |||
r-oldrel-windows-x86_64 | 1.3.15 | 343.00 | 191.00 | 534.00 | OK |
Version: 1.3.15
Check: dependencies in R code
Result: NOTE
Namespaces in Imports field not imported from:
‘RcppParallel’ ‘rstantools’
All declared Imports should be used.
Flavors: r-devel-linux-x86_64-fedora-clang, r-devel-linux-x86_64-fedora-gcc
Version: 1.3.15
Check: for GNU extensions in Makefiles
Result: NOTE
GNU make is a SystemRequirements.
Flavors: r-devel-linux-x86_64-fedora-clang, r-devel-linux-x86_64-fedora-gcc, r-release-macos-arm64, r-release-macos-x86_64, r-oldrel-macos-arm64, r-oldrel-macos-x86_64
Version: 1.3.15
Check: whether package can be installed
Result: ERROR
Installation failed.
Flavor: r-patched-linux-x86_64
Version: 1.3.15
Check: installed package size
Result: NOTE
installed size is 64.9Mb
sub-directories of 1Mb or more:
libs 64.6Mb
Flavors: r-release-macos-arm64, r-release-macos-x86_64, r-oldrel-macos-arm64, r-oldrel-macos-x86_64