Last updated on 2024-05-20 01:49:13 CEST.
Flavor | Version | Tinstall | Tcheck | Ttotal | Status | Flags |
---|---|---|---|---|---|---|
r-devel-linux-x86_64-debian-clang | 0.5-4 | 866.89 | 262.98 | 1129.87 | NOTE | |
r-devel-linux-x86_64-debian-gcc | 0.5-4 | 622.75 | 206.60 | 829.35 | NOTE | |
r-devel-linux-x86_64-fedora-clang | 0.5-4 | 1239.58 | NOTE | |||
r-devel-linux-x86_64-fedora-gcc | 0.5-4 | 1671.78 | NOTE | |||
r-devel-windows-x86_64 | 0.5-4 | 491.00 | 215.00 | 706.00 | NOTE | |
r-patched-linux-x86_64 | 0.5-4 | 0.01 | 2.65 | 2.66 | ERROR | |
r-release-linux-x86_64 | 0.5-4 | 578.17 | 273.49 | 851.66 | NOTE | |
r-release-macos-arm64 | 0.5-4 | 321.00 | NOTE | |||
r-release-macos-x86_64 | 0.5-4 | 934.00 | NOTE | |||
r-release-windows-x86_64 | 0.5-4 | 521.00 | 220.00 | 741.00 | NOTE | |
r-oldrel-macos-arm64 | 0.5-4 | 340.00 | NOTE | |||
r-oldrel-macos-x86_64 | 0.5-4 | 787.00 | NOTE | |||
r-oldrel-windows-x86_64 | 0.5-4 | 685.00 | 288.00 | 973.00 | NOTE |
Version: 0.5-4
Check: package dependencies
Result: NOTE
Package suggested but not available for checking: ‘cmdstanr’
Flavors: r-devel-linux-x86_64-debian-clang, r-devel-linux-x86_64-debian-gcc, r-devel-linux-x86_64-fedora-clang, r-devel-linux-x86_64-fedora-gcc, r-devel-windows-x86_64, r-patched-linux-x86_64, r-release-linux-x86_64, r-release-macos-arm64, r-release-macos-x86_64, r-release-windows-x86_64, r-oldrel-macos-arm64, r-oldrel-macos-x86_64, r-oldrel-windows-x86_64
Version: 0.5-4
Check: for GNU extensions in Makefiles
Result: NOTE
GNU make is a SystemRequirements.
Flavors: r-devel-linux-x86_64-debian-clang, r-devel-linux-x86_64-debian-gcc, r-devel-linux-x86_64-fedora-clang, r-devel-linux-x86_64-fedora-gcc, r-devel-windows-x86_64, r-release-linux-x86_64, r-release-macos-arm64, r-release-macos-x86_64, r-release-windows-x86_64, r-oldrel-macos-arm64, r-oldrel-macos-x86_64, r-oldrel-windows-x86_64
Version: 0.5-4
Check: installed package size
Result: NOTE
installed size is 11.5Mb
sub-directories of 1Mb or more:
R 1.2Mb
libs 8.5Mb
testdata 1.5Mb
Flavors: r-devel-linux-x86_64-fedora-clang, r-devel-windows-x86_64, r-release-macos-arm64, r-release-macos-x86_64, r-release-windows-x86_64, r-oldrel-macos-arm64, r-oldrel-macos-x86_64, r-oldrel-windows-x86_64
Version: 0.5-4
Check: whether package can be installed
Result: ERROR
Installation failed.
Flavor: r-patched-linux-x86_64