Last updated on 2025-11-03 00:49:54 CET.
| Flavor | Version | Tinstall | Tcheck | Ttotal | Status | Flags | 
|---|---|---|---|---|---|---|
| r-devel-linux-x86_64-debian-clang | 1.0 | 29.82 | 100.08 | 129.90 | OK | |
| r-devel-linux-x86_64-debian-gcc | 1.0 | 22.75 | 74.05 | 96.80 | OK | |
| r-devel-linux-x86_64-fedora-clang | 1.0 | 182.00 | 44.34 | 226.34 | NOTE | |
| r-devel-linux-x86_64-fedora-gcc | 1.0 | 70.00 | 144.32 | 214.32 | NOTE | |
| r-devel-windows-x86_64 | 1.0 | 38.00 | 121.00 | 159.00 | OK | |
| r-patched-linux-x86_64 | 1.0 | 29.94 | 96.23 | 126.17 | OK | |
| r-release-linux-x86_64 | 1.0 | 27.61 | 97.54 | 125.15 | OK | |
| r-release-macos-arm64 | 1.0 | 13.00 | 57.00 | 70.00 | OK | |
| r-release-macos-x86_64 | 1.0 | 22.00 | 110.00 | 132.00 | OK | |
| r-release-windows-x86_64 | 1.0 | 35.00 | 120.00 | 155.00 | OK | |
| r-oldrel-macos-arm64 | 1.0 | 13.00 | 51.00 | 64.00 | NOTE | |
| r-oldrel-macos-x86_64 | 1.0 | 17.00 | 75.00 | 92.00 | NOTE | |
| r-oldrel-windows-x86_64 | 1.0 | 47.00 | 156.00 | 203.00 | NOTE | 
Version: 1.0
Check: dependencies in R code
Result: NOTE
  Namespace in Imports field not imported from: ‘Rcpp’
    All declared Imports should be used.
Flavors: r-devel-linux-x86_64-fedora-clang, r-devel-linux-x86_64-fedora-gcc
Version: 1.0
Check: installed package size
Result: NOTE
    installed size is  8.2Mb
    sub-directories of 1Mb or more:
      extdata   4.8Mb
      libs      2.7Mb
Flavors: r-oldrel-macos-arm64, r-oldrel-macos-x86_64, r-oldrel-windows-x86_64