Last updated on 2024-05-20 01:49:13 CEST.
Flavor | Version | Tinstall | Tcheck | Ttotal | Status | Flags |
---|---|---|---|---|---|---|
r-devel-linux-x86_64-debian-clang | 1.1.3 | 9.44 | 187.53 | 196.97 | NOTE | |
r-devel-linux-x86_64-debian-gcc | 1.1.3 | 6.08 | 136.95 | 143.03 | NOTE | |
r-devel-linux-x86_64-fedora-clang | 1.1.3 | 239.74 | NOTE | |||
r-devel-linux-x86_64-fedora-gcc | 1.1.3 | 263.78 | NOTE | |||
r-devel-windows-x86_64 | 1.1.3 | 11.00 | 123.00 | 134.00 | NOTE | |
r-patched-linux-x86_64 | 1.1.3 | 7.83 | 174.01 | 181.84 | NOTE | |
r-release-linux-x86_64 | 1.1.3 | 7.16 | 173.10 | 180.26 | NOTE | |
r-release-macos-arm64 | 1.1.3 | 73.00 | NOTE | |||
r-release-windows-x86_64 | 1.1.3 | 12.00 | 226.00 | 238.00 | NOTE | |
r-oldrel-macos-arm64 | 1.1.3 | 68.00 | NOTE | |||
r-oldrel-macos-x86_64 | 1.1.3 | 165.00 | NOTE | |||
r-oldrel-windows-x86_64 | 1.1.3 | 15.00 | 154.00 | 169.00 | NOTE |
Version: 1.1.3
Check: package dependencies
Result: NOTE
Package which this enhances but not available for checking: ‘asreml’
Flavors: r-devel-linux-x86_64-debian-clang, r-devel-linux-x86_64-debian-gcc, r-devel-linux-x86_64-fedora-clang, r-devel-linux-x86_64-fedora-gcc, r-devel-windows-x86_64, r-patched-linux-x86_64, r-release-linux-x86_64, r-release-macos-arm64, r-release-windows-x86_64, r-oldrel-macos-arm64, r-oldrel-macos-x86_64, r-oldrel-windows-x86_64