Last updated on 2024-06-03 01:48:07 CEST.
Flavor | Version | Tinstall | Tcheck | Ttotal | Status | Flags |
---|---|---|---|---|---|---|
r-devel-linux-x86_64-debian-clang | 1.3.2 | 24.63 | 84.58 | 109.21 | NOTE | |
r-devel-linux-x86_64-debian-gcc | 1.3.2 | 15.28 | 60.61 | 75.89 | NOTE | |
r-devel-linux-x86_64-fedora-clang | 1.3.2 | 139.40 | NOTE | |||
r-devel-linux-x86_64-fedora-gcc | 1.3.2 | 141.94 | NOTE | |||
r-devel-windows-x86_64 | 1.3.2 | 20.00 | 112.00 | 132.00 | NOTE | |
r-patched-linux-x86_64 | 1.3.2 | 17.97 | 75.46 | 93.43 | WARN | |
r-release-linux-x86_64 | 1.3.2 | 16.20 | 78.50 | 94.70 | NOTE | |
r-release-macos-arm64 | 1.3.2 | 42.00 | NOTE | |||
r-release-windows-x86_64 | 1.3.2 | 19.00 | 110.00 | 129.00 | NOTE | |
r-oldrel-macos-arm64 | 1.3.2 | 45.00 | OK | |||
r-oldrel-macos-x86_64 | 1.3.2 | 76.00 | OK | |||
r-oldrel-windows-x86_64 | 1.3.2 | 23.00 | 129.00 | 152.00 | OK |
Version: 1.3.2
Check: Rd files
Result: NOTE
checkRd: (-1) WindowSweep.Rd:32: Lost braces
32 | `code{\link{GetVT}}`. Otherwise, any column (e.g. \code{"Depth"}) in the
| ^
checkRd: (-1) WindowSweep.Rd:36: Lost braces
36 | \code{T.mid} from the output of the `code{\link{GetVT}}`.}
| ^
Flavors: r-devel-linux-x86_64-debian-clang, r-devel-linux-x86_64-debian-gcc, r-devel-linux-x86_64-fedora-clang, r-devel-linux-x86_64-fedora-gcc, r-devel-windows-x86_64, r-patched-linux-x86_64, r-release-linux-x86_64, r-release-macos-arm64, r-release-windows-x86_64
Version: 1.3.2
Check: re-building of vignette outputs
Result: WARN
Error(s) in re-building vignettes:
...
--- re-building ‘UnivariateBCPA.Rmd’ using rmarkdown
** Processing: /home/hornik/tmp/R.check/r-patched-gcc/Work/PKGS/bcpa.Rcheck/vign_test/bcpa/vignettes/UnivariateBCPA_files/figure-html/unnamed-chunk-5-1.png
576x384 pixels, 8 bits/pixel, 256 colors in palette
Reducing image to 8 bits/pixel, grayscale
Input IDAT size = 12949 bytes
Input file size = 13819 bytes
Trying:
zc = 9 zm = 8 zs = 0 f = 0 IDAT size = 11797
zc = 9 zm = 8 zs = 1 f = 0 IDAT size = 11684
zc = 1 zm = 8 zs = 2 f = 0
zc = 9 zm = 8 zs = 3 f = 0
zc = 9 zm = 8 zs = 0 f = 5
zc = 9 zm = 8 zs = 1 f = 5
zc = 1 zm = 8 zs = 2 f = 5
zc = 9 zm = 8 zs = 3 f = 5
Selecting parameters:
zc = 9 zm = 8 zs = 1 f = 0 IDAT size = 11684
Output IDAT size = 11684 bytes (1265 bytes decrease)
Output file size = 11762 bytes (2057 bytes = 14.89% decrease)
** Processing: /home/hornik/tmp/R.check/r-patched-gcc/Work/PKGS/bcpa.Rcheck/vign_test/bcpa/vignettes/UnivariateBCPA_files/figure-html/unnamed-chunk-7-1.png
576x384 pixels, 3x8 bits/pixel, RGB
Input IDAT size = 35276 bytes
Input file size = 35402 bytes
Trying:
zc = 9 zm = 8 zs = 0 f = 0 IDAT size = 31580
zc = 9 zm = 8 zs = 1 f = 0
zc = 1 zm = 8 zs = 2 f = 0
zc = 9 zm = 8 zs = 3 f = 0
zc = 9 zm = 8 zs = 0 f = 5
zc = 9 zm = 8 zs = 1 f = 5
zc = 1 zm = 8 zs = 2 f = 5
zc = 9 zm = 8 zs = 3 f = 5
Selecting parameters:
zc = 9 zm = 8 zs = 0 f = 0 IDAT size = 31580
Output IDAT size = 31580 bytes (3696 bytes decrease)
Output file size = 31658 bytes (3744 bytes = 10.58% decrease)
** Processing: /home/hornik/tmp/R.check/r-patched-gcc/Work/PKGS/bcpa.Rcheck/vign_test/bcpa/vignettes/UnivariateBCPA_files/figure-html/unnamed-chunk-7-2.png
576x384 pixels, 3x8 bits/pixel, RGB
Input IDAT size = 26104 bytes
Input file size = 26218 bytes
Trying:
zc = 9 zm = 8 zs = 0 f = 0 IDAT size = 22006
zc = 9 zm = 8 zs = 1 f = 0
zc = 1 zm = 8 zs = 2 f = 0
zc = 9 zm = 8 zs = 3 f = 0
zc = 9 zm = 8 zs = 0 f = 5
zc = 9 zm = 8 zs = 1 f = 5
zc = 1 zm = 8 zs = 2 f = 5
zc = 9 zm = 8 zs = 3 f = 5
Selecting parameters:
zc = 9 zm = 8 zs = 0 f = 0 IDAT size = 22006
Output IDAT size = 22006 bytes (4098 bytes decrease)
Output file size = 22084 bytes (4134 bytes = 15.77% decrease)
--- finished re-building ‘UnivariateBCPA.Rmd’
--- re-building ‘bcpa.rnw’ using knitr
Error: processing vignette 'bcpa.rnw' failed with diagnostics:
Running 'texi2dvi' on 'bcpa.tex' failed.
LaTeX errors:
! Undefined control sequence.
l.154 \hlkwd{library}\hldef
{(bcpa)}
?
! Emergency stop.
! Emergency stop.
l.154
End of file on the terminal!
! ==> Fatal error occurred, no output PDF file produced!
--- failed re-building ‘bcpa.rnw’
SUMMARY: processing the following file failed:
‘bcpa.rnw’
Error: Vignette re-building failed.
Execution halted
Flavor: r-patched-linux-x86_64