Last updated on 2024-06-14 01:51:12 CEST.
Flavor | Version | Tinstall | Tcheck | Ttotal | Status | Flags |
---|---|---|---|---|---|---|
r-devel-linux-x86_64-debian-clang | 0.0.3 | 6.64 | 58.33 | 64.97 | OK | |
r-devel-linux-x86_64-debian-gcc | 0.0.3 | 0.78 | 1.73 | 2.51 | ERROR | |
r-devel-linux-x86_64-fedora-clang | 0.0.3 | 80.48 | OK | |||
r-devel-linux-x86_64-fedora-gcc | 0.0.3 | 87.59 | OK | |||
r-devel-windows-x86_64 | 0.0.3 | 6.00 | 68.00 | 74.00 | OK | |
r-patched-linux-x86_64 | 0.0.3 | 5.48 | 55.24 | 60.72 | OK | |
r-release-linux-x86_64 | 0.0.3 | 4.15 | 55.33 | 59.48 | OK | |
r-release-macos-arm64 | 0.0.3 | 35.00 | OK | |||
r-release-macos-x86_64 | 0.0.3 | 51.00 | OK | |||
r-release-windows-x86_64 | 0.0.3 | 6.00 | 68.00 | 74.00 | OK | |
r-oldrel-macos-arm64 | 0.0.3 | 40.00 | OK | |||
r-oldrel-macos-x86_64 | 0.0.3 | 76.00 | OK | |||
r-oldrel-windows-x86_64 | 0.0.3 | 8.00 | 77.00 | 85.00 | OK |
Version: 0.0.3
Check: package dependencies
Result: ERROR
Packages required but not available:
'httr2', 'purrr', 'stringr', 'snakecase', 'tibble'
Packages suggested but not available for checking:
'dplyr', 'forcats', 'ggplot2', 'ggraph', 'igraph', 'magick',
'testthat', 'tidygraph'
See section ‘The DESCRIPTION file’ in the ‘Writing R Extensions’
manual.
Flavor: r-devel-linux-x86_64-debian-gcc