Last updated on 2025-11-03 00:49:53 CET.
| Flavor | Version | Tinstall | Tcheck | Ttotal | Status | Flags | 
|---|---|---|---|---|---|---|
| r-devel-linux-x86_64-debian-clang | 0.3.0 | 25.29 | 290.31 | 315.60 | NOTE | |
| r-devel-linux-x86_64-debian-gcc | 0.3.0 | 14.70 | 178.33 | 193.03 | ERROR | |
| r-devel-linux-x86_64-fedora-clang | 0.3.0 | 55.00 | 457.47 | 512.47 | NOTE | |
| r-devel-linux-x86_64-fedora-gcc | 0.3.0 | 126.00 | 405.93 | 531.93 | NOTE | |
| r-devel-windows-x86_64 | 0.3.0 | 23.00 | 232.00 | 255.00 | OK | |
| r-patched-linux-x86_64 | 0.3.0 | 23.27 | 278.42 | 301.69 | OK | |
| r-release-linux-x86_64 | 0.3.0 | 22.63 | 278.27 | 300.90 | OK | |
| r-release-macos-arm64 | 0.3.0 | 9.00 | 109.00 | 118.00 | OK | |
| r-release-macos-x86_64 | 0.3.0 | 17.00 | 245.00 | 262.00 | OK | |
| r-release-windows-x86_64 | 0.3.0 | 24.00 | 233.00 | 257.00 | OK | |
| r-oldrel-macos-arm64 | 0.3.0 | 10.00 | 120.00 | 130.00 | OK | |
| r-oldrel-macos-x86_64 | 0.3.0 | 30.00 | 344.00 | 374.00 | OK | |
| r-oldrel-windows-x86_64 | 0.3.0 | 34.00 | 397.00 | 431.00 | OK | 
Version: 0.3.0
Check: Rd files
Result: NOTE
  checkRd: (-1) arcpullr-package.Rd:12: height/width attributes should be in pixels
Flavors: r-devel-linux-x86_64-debian-clang, r-devel-linux-x86_64-debian-gcc, r-devel-linux-x86_64-fedora-clang, r-devel-linux-x86_64-fedora-gcc
Version: 0.3.0
Check: tests
Result: ERROR
    Running ‘testthat.R’ [6s/9s]
  Running the tests in ‘tests/testthat.R’ failed.
  Complete output:
    > library(testthat)
    > library(arcpullr)
    Loading required package: sf
    Linking to GEOS 3.14.0, GDAL 3.11.4, PROJ 9.7.0; sf_use_s2() is TRUE
    > 
    > test_check("arcpullr")
    [ FAIL 1 | WARN 0 | SKIP 0 | PASS 46 ]
    
    ══ Failed tests ════════════════════════════════════════════════════════════════
    ── Error ('test_layer_properties.R:3:1'): (code run outside of `test_that()`) ──
    Error in `open.connection(x, "rb")`: cannot open the connection
    Backtrace:
         ▆
      1. └─arcpullr::get_layer_legend(wi_landcover_url) at test_layer_properties.R:3:1
      2.   ├─rvest::html_nodes(...)
      3.   │ └─rvest::html_elements(...)
      4.   ├─rvest::html_nodes(xml2::read_html(legend_url), "table")
      5.   │ └─rvest::html_elements(...)
      6.   ├─xml2::read_html(legend_url)
      7.   └─xml2:::read_html.default(legend_url)
      8.     ├─base::suppressWarnings(...)
      9.     │ └─base::withCallingHandlers(...)
     10.     ├─xml2::read_xml(x, encoding = encoding, ..., as_html = TRUE, options = options)
     11.     └─xml2:::read_xml.character(...)
     12.       └─xml2:::read_xml.connection(...)
     13.         ├─base::open(x, "rb")
     14.         └─base::open.connection(x, "rb")
    
    [ FAIL 1 | WARN 0 | SKIP 0 | PASS 46 ]
    Error: Test failures
    Execution halted
Flavor: r-devel-linux-x86_64-debian-gcc
Version: 0.3.0
Check: re-building of vignette outputs
Result: ERROR
  Error(s) in re-building vignettes:
    ...
  --- re-building ‘intro_to_arcpullr.Rmd’ using rmarkdown
  --- finished re-building ‘intro_to_arcpullr.Rmd’
  
  --- re-building ‘raster_layers.Rmd’ using rmarkdown
  
  Quitting from raster_layers.Rmd:20-37 [unnamed-chunk-1]
  ~~~~~~~~~~~~~~~~~~~~~~~~~~~~~~~~~~~~~~~~~~~~~~~~~~~~~~~~~~~~~~~~~~~~~~~~~~~~~~~~
  <error/rlang_error>
  Error in `open.connection()`:
  ! cannot open the connection
  ---
  Backtrace:
       ▆
    1. ├─dplyr::arrange(...)
    2. ├─arcpullr::match_legend_colors(...)
    3. │ ├─base::stopifnot("raster_legend" %in% class(legend))
    4. │ ├─"raster_legend" %in% class(legend)
    5. │ └─"raster_legend" %in% class(legend)
    6. └─arcpullr::get_layer_legend(wi_landcover_url)
    7.   ├─rvest::html_nodes(...)
    8.   │ └─rvest::html_elements(...)
    9.   ├─rvest::html_nodes(xml2::read_html(legend_url), "table")
   10.   │ └─rvest::html_elements(...)
   11.   ├─xml2::read_html(legend_url)
   12.   └─xml2:::read_html.default(legend_url)
   13.     ├─base::suppressWarnings(...)
   14.     │ └─base::withCallingHandlers(...)
   15.     ├─xml2::read_xml(x, encoding = encoding, ..., as_html = TRUE, options = options)
   16.     └─xml2:::read_xml.character(...)
   17.       └─xml2:::read_xml.connection(...)
   18.         ├─base::open(x, "rb")
   19.         └─base::open.connection(x, "rb")
  ~~~~~~~~~~~~~~~~~~~~~~~~~~~~~~~~~~~~~~~~~~~~~~~~~~~~~~~~~~~~~~~~~~~~~~~~~~~~~~~~
  
  Error: processing vignette 'raster_layers.Rmd' failed with diagnostics:
  cannot open the connection
  --- failed re-building ‘raster_layers.Rmd’
  
  --- re-building ‘spatial_queries.Rmd’ using rmarkdown
  --- finished re-building ‘spatial_queries.Rmd’
  
  SUMMARY: processing the following file failed:
    ‘raster_layers.Rmd’
  
  Error: Vignette re-building failed.
  Execution halted
Flavor: r-devel-linux-x86_64-debian-gcc
Version: 0.3.0
Check: dependencies in R code
Result: NOTE
  Namespace in Imports field not imported from: ‘methods’
    All declared Imports should be used.
Flavors: r-devel-linux-x86_64-fedora-clang, r-devel-linux-x86_64-fedora-gcc