Last updated on 2024-06-14 01:51:11 CEST.
Flavor | Version | Tinstall | Tcheck | Ttotal | Status | Flags |
---|---|---|---|---|---|---|
r-devel-linux-x86_64-debian-clang | 1.1.0 | 6.73 | 67.67 | 74.40 | OK | |
r-devel-linux-x86_64-debian-gcc | 1.1.0 | 0.75 | 1.86 | 2.61 | ERROR | |
r-devel-linux-x86_64-fedora-clang | 1.1.0 | 101.36 | OK | |||
r-devel-linux-x86_64-fedora-gcc | 1.1.0 | 103.99 | OK | |||
r-devel-windows-x86_64 | 1.1.0 | 7.00 | 128.00 | 135.00 | OK | |
r-patched-linux-x86_64 | 1.1.0 | 6.45 | 66.45 | 72.90 | OK | |
r-release-linux-x86_64 | 1.1.0 | 5.91 | 66.50 | 72.41 | OK | |
r-release-macos-arm64 | 1.1.0 | 41.00 | OK | |||
r-release-macos-x86_64 | 1.1.0 | 61.00 | OK | |||
r-release-windows-x86_64 | 1.1.0 | 7.00 | 76.00 | 83.00 | OK | |
r-oldrel-macos-arm64 | 1.1.0 | 45.00 | OK | |||
r-oldrel-macos-x86_64 | 1.1.0 | 97.00 | OK | |||
r-oldrel-windows-x86_64 | 1.1.0 | 9.00 | 87.00 | 96.00 | OK |
Version: 1.1.0
Check: package dependencies
Result: ERROR
Packages required but not available:
'tidyr', 'dplyr', 'bigrquery', 'purrr', 'dbplyr', 'stringr'
Packages suggested but not available for checking:
'testthat', 'kableExtra', 'googlesheets4', 'tibble', 'forcats', 'gh'
See section ‘The DESCRIPTION file’ in the ‘Writing R Extensions’
manual.
Flavor: r-devel-linux-x86_64-debian-gcc