Last updated on 2024-06-14 01:51:53 CEST.
Flavor | Version | Tinstall | Tcheck | Ttotal | Status | Flags |
---|---|---|---|---|---|---|
r-devel-linux-x86_64-debian-clang | 1.0.1 | 317.01 | 232.62 | 549.63 | NOTE | |
r-devel-linux-x86_64-debian-gcc | 1.0.1 | 0.35 | 1.55 | 1.90 | ERROR | |
r-devel-linux-x86_64-fedora-clang | 1.0.1 | 687.46 | NOTE | |||
r-devel-linux-x86_64-fedora-gcc | 1.0.1 | 482.21 | NOTE | |||
r-devel-windows-x86_64 | 1.0.1 | 241.00 | 200.00 | 441.00 | NOTE | |
r-patched-linux-x86_64 | 1.0.1 | 228.08 | 249.68 | 477.76 | NOTE | |
r-release-linux-x86_64 | 1.0.1 | 0.01 | 2.35 | 2.36 | ERROR | |
r-release-macos-arm64 | 1.0.1 | 161.00 | NOTE | |||
r-release-macos-x86_64 | 1.0.1 | 224.00 | NOTE | |||
r-release-windows-x86_64 | 1.0.1 | 253.00 | 200.00 | 453.00 | NOTE | |
r-oldrel-macos-arm64 | 1.0.1 | 166.00 | NOTE | |||
r-oldrel-macos-x86_64 | 1.0.1 | 262.00 | NOTE | |||
r-oldrel-windows-x86_64 | 1.0.1 | 310.00 | 251.00 | 561.00 | NOTE |
Version: 1.0.1
Check: for GNU extensions in Makefiles
Result: NOTE
GNU make is a SystemRequirements.
Flavors: r-devel-linux-x86_64-debian-clang, r-devel-linux-x86_64-fedora-clang, r-devel-linux-x86_64-fedora-gcc, r-devel-windows-x86_64, r-patched-linux-x86_64, r-release-macos-arm64, r-release-macos-x86_64, r-release-windows-x86_64, r-oldrel-macos-arm64, r-oldrel-macos-x86_64, r-oldrel-windows-x86_64
Version: 1.0.1
Check: package dependencies
Result: ERROR
Package required but not available: ‘rstan’
Package suggested but not available for checking: ‘testthat’
See section ‘The DESCRIPTION file’ in the ‘Writing R Extensions’
manual.
Flavor: r-devel-linux-x86_64-debian-gcc
Version: 1.0.1
Check: dependencies in R code
Result: NOTE
Namespace in Imports field not imported from: ‘rstantools’
All declared Imports should be used.
Flavors: r-devel-linux-x86_64-fedora-clang, r-devel-linux-x86_64-fedora-gcc
Version: 1.0.1
Check: whether package can be installed
Result: ERROR
Installation failed.
Flavor: r-release-linux-x86_64
Version: 1.0.1
Check: installed package size
Result: NOTE
installed size is 53.8Mb
sub-directories of 1Mb or more:
libs 53.4Mb
Flavors: r-release-macos-arm64, r-release-macos-x86_64, r-oldrel-macos-arm64, r-oldrel-macos-x86_64