Last updated on 2024-06-14 01:51:51 CEST.
Flavor | Version | Tinstall | Tcheck | Ttotal | Status | Flags |
---|---|---|---|---|---|---|
r-devel-linux-x86_64-debian-clang | 1.0.1 | 10.93 | 97.15 | 108.08 | OK | |
r-devel-linux-x86_64-debian-gcc | 1.0.1 | 0.47 | 2.17 | 2.64 | ERROR | |
r-devel-linux-x86_64-fedora-clang | 1.0.1 | 135.57 | OK | |||
r-devel-linux-x86_64-fedora-gcc | 1.0.1 | 139.80 | OK | |||
r-devel-windows-x86_64 | 1.0.1 | 11.00 | 86.00 | 97.00 | OK | |
r-patched-linux-x86_64 | 1.0.1 | 11.45 | 95.26 | 106.71 | OK | |
r-release-linux-x86_64 | 1.0.1 | 11.16 | 93.59 | 104.75 | OK | |
r-release-macos-arm64 | 1.0.1 | 47.00 | OK | |||
r-release-macos-x86_64 | 1.0.1 | 77.00 | OK | |||
r-release-windows-x86_64 | 1.0.1 | 10.00 | 94.00 | 104.00 | OK | |
r-oldrel-macos-arm64 | 1.0.1 | 54.00 | OK | |||
r-oldrel-macos-x86_64 | 1.0.1 | 114.00 | OK | |||
r-oldrel-windows-x86_64 | 1.0.1 | 13.00 | 107.00 | 120.00 | OK |
Version: 1.0.1
Check: package dependencies
Result: ERROR
Packages required but not available: 'Tlasso', 'HeteroGGM', 'huge'
See section ‘The DESCRIPTION file’ in the ‘Writing R Extensions’
manual.
Flavor: r-devel-linux-x86_64-debian-gcc