Last updated on 2024-05-20 01:49:36 CEST.
Flavor | Version | Tinstall | Tcheck | Ttotal | Status | Flags |
---|---|---|---|---|---|---|
r-devel-linux-x86_64-debian-clang | 3.7.1 | 17.61 | 142.36 | 159.97 | NOTE | |
r-devel-linux-x86_64-debian-gcc | 3.7.1 | 13.26 | 103.12 | 116.38 | NOTE | |
r-devel-linux-x86_64-fedora-clang | 3.7.1 | 195.73 | NOTE | |||
r-devel-linux-x86_64-fedora-gcc | 3.7.1 | 261.40 | NOTE | |||
r-devel-windows-x86_64 | 3.7.1 | 16.00 | 121.00 | 137.00 | NOTE | |
r-patched-linux-x86_64 | 3.7.1 | 11.23 | 133.48 | 144.71 | NOTE | |
r-release-linux-x86_64 | 3.7.1 | 11.39 | 132.14 | 143.53 | NOTE | |
r-release-macos-arm64 | 3.7.1 | 82.00 | NOTE | |||
r-release-windows-x86_64 | 3.7.1 | 16.00 | 120.00 | 136.00 | NOTE | |
r-oldrel-macos-arm64 | 3.7.1 | 51.00 | OK | |||
r-oldrel-macos-x86_64 | 3.7.1 | 112.00 | OK | |||
r-oldrel-windows-x86_64 | 3.7.1 | 20.00 | 142.00 | 162.00 | OK |
Version: 3.7.1
Check: Rd files
Result: NOTE
checkRd: (-1) example.database2.Rd:18: Lost braces in \itemize; meant \describe ?
checkRd: (-1) example.database2.Rd:19: Lost braces in \itemize; meant \describe ?
checkRd: (-1) example.database3.Rd:18: Lost braces in \itemize; meant \describe ?
checkRd: (-1) example.database3.Rd:19: Lost braces in \itemize; meant \describe ?
Flavors: r-devel-linux-x86_64-debian-clang, r-devel-linux-x86_64-debian-gcc, r-devel-linux-x86_64-fedora-clang, r-devel-linux-x86_64-fedora-gcc, r-devel-windows-x86_64, r-patched-linux-x86_64, r-release-linux-x86_64, r-release-macos-arm64, r-release-windows-x86_64