Last updated on 2024-05-20 01:49:33 CEST.
Flavor | Version | Tinstall | Tcheck | Ttotal | Status | Flags |
---|---|---|---|---|---|---|
r-devel-linux-x86_64-debian-clang | 0.3.12 | 80.74 | 44.20 | 124.94 | NOTE | |
r-devel-linux-x86_64-debian-gcc | 0.3.12 | 68.87 | 35.51 | 104.38 | NOTE | |
r-devel-linux-x86_64-fedora-clang | 0.3.12 | 184.02 | NOTE | |||
r-devel-linux-x86_64-fedora-gcc | 0.3.12 | 251.83 | NOTE | |||
r-devel-windows-x86_64 | 0.3.12 | 62.00 | 76.00 | 138.00 | NOTE | |
r-patched-linux-x86_64 | 0.3.12 | 83.53 | 42.11 | 125.64 | NOTE | |
r-release-linux-x86_64 | 0.3.12 | 83.86 | 42.41 | 126.27 | NOTE | |
r-release-macos-arm64 | 0.3.12 | 47.00 | NOTE | |||
r-release-windows-x86_64 | 0.3.12 | 62.00 | 79.00 | 141.00 | NOTE | |
r-oldrel-macos-arm64 | 0.3.12 | 62.00 | NOTE | |||
r-oldrel-macos-x86_64 | 0.3.12 | 128.00 | NOTE | |||
r-oldrel-windows-x86_64 | 0.3.12 | 77.00 | 86.00 | 163.00 | NOTE |
Version: 0.3.12
Check: for GNU extensions in Makefiles
Result: NOTE
GNU make is a SystemRequirements.
Flavors: r-devel-linux-x86_64-debian-clang, r-devel-linux-x86_64-debian-gcc, r-devel-linux-x86_64-fedora-clang, r-devel-linux-x86_64-fedora-gcc, r-devel-windows-x86_64, r-patched-linux-x86_64, r-release-linux-x86_64, r-release-macos-arm64, r-release-windows-x86_64, r-oldrel-macos-arm64, r-oldrel-macos-x86_64, r-oldrel-windows-x86_64
Version: 0.3.12
Check: installed package size
Result: NOTE
installed size is 5.8Mb
sub-directories of 1Mb or more:
libs 5.5Mb
Flavors: r-release-macos-arm64, r-oldrel-macos-arm64, r-oldrel-macos-x86_64