Last updated on 2025-11-03 00:50:14 CET.
| Flavor | Version | Tinstall | Tcheck | Ttotal | Status | Flags | 
|---|---|---|---|---|---|---|
| r-devel-linux-x86_64-debian-clang | 1.0.1 | 12.44 | 121.93 | 134.37 | NOTE | |
| r-devel-linux-x86_64-debian-gcc | 1.0.1 | 7.38 | 84.25 | 91.63 | NOTE | |
| r-devel-linux-x86_64-fedora-clang | 1.0.1 | 25.00 | 120.42 | 145.42 | NOTE | |
| r-devel-linux-x86_64-fedora-gcc | 1.0.1 | 28.00 | 121.52 | 149.52 | NOTE | |
| r-devel-windows-x86_64 | 1.0.1 | 12.00 | 141.00 | 153.00 | NOTE | |
| r-patched-linux-x86_64 | 1.0.1 | 11.91 | 121.53 | 133.44 | NOTE | |
| r-release-linux-x86_64 | 1.0.1 | 11.30 | 115.54 | 126.84 | NOTE | |
| r-release-macos-arm64 | 1.0.1 | 5.00 | 54.00 | 59.00 | NOTE | |
| r-release-macos-x86_64 | 1.0.1 | 11.00 | 82.00 | 93.00 | NOTE | |
| r-release-windows-x86_64 | 1.0.1 | 12.00 | 144.00 | 156.00 | NOTE | |
| r-oldrel-macos-arm64 | 1.0.1 | 5.00 | 61.00 | 66.00 | OK | |
| r-oldrel-macos-x86_64 | 1.0.1 | 18.00 | 143.00 | 161.00 | OK | |
| r-oldrel-windows-x86_64 | 1.0.1 | 16.00 | 161.00 | 177.00 | OK | 
Version: 1.0.1
Check: DESCRIPTION meta-information
Result: NOTE
    Missing dependency on R >= 4.1.0 because package code uses the pipe
    |> or function shorthand \(...) syntax added in R 4.1.0.
    File(s) using such syntax:
      ‘Require2.R’ ‘helpers.R’ ‘pak.R’ ‘pkgDep3.R’
Flavors: r-devel-linux-x86_64-debian-clang, r-devel-linux-x86_64-debian-gcc, r-devel-linux-x86_64-fedora-clang, r-devel-linux-x86_64-fedora-gcc, r-devel-windows-x86_64, r-patched-linux-x86_64, r-release-linux-x86_64, r-release-macos-arm64, r-release-macos-x86_64, r-release-windows-x86_64