Last updated on 2025-11-03 00:50:13 CET.
| Flavor | Version | Tinstall | Tcheck | Ttotal | Status | Flags | 
|---|---|---|---|---|---|---|
| r-devel-linux-x86_64-debian-clang | 0.3.2 | 13.98 | 108.79 | 122.77 | NOTE | |
| r-devel-linux-x86_64-debian-gcc | 0.3.2 | 11.31 | 81.84 | 93.15 | NOTE | |
| r-devel-linux-x86_64-fedora-clang | 0.3.2 | 104.00 | 101.50 | 205.50 | OK | |
| r-devel-linux-x86_64-fedora-gcc | 0.3.2 | 63.00 | 149.11 | 212.11 | OK | |
| r-devel-windows-x86_64 | 0.3.2 | 14.00 | 119.00 | 133.00 | OK | |
| r-patched-linux-x86_64 | 0.3.2 | 14.43 | 105.12 | 119.55 | OK | |
| r-release-linux-x86_64 | 0.3.2 | 14.35 | 107.37 | 121.72 | OK | |
| r-release-macos-arm64 | 0.3.2 | 8.00 | 62.00 | 70.00 | OK | |
| r-release-macos-x86_64 | 0.3.2 | 16.00 | 111.00 | 127.00 | OK | |
| r-release-windows-x86_64 | 0.3.2 | 15.00 | 116.00 | 131.00 | OK | |
| r-oldrel-macos-arm64 | 0.3.2 | 7.00 | 56.00 | 63.00 | OK | |
| r-oldrel-macos-x86_64 | 0.3.2 | 10.00 | 88.00 | 98.00 | OK | |
| r-oldrel-windows-x86_64 | 0.3.2 | 20.00 | 150.00 | 170.00 | OK | 
Version: 0.3.2
Check: CRAN incoming feasibility
Result: NOTE
  Maintainer: ‘Juan A. Ferrer-Bonsoms <jafhernandez@tecnun.es>’
  
  No Authors@R field in DESCRIPTION.
  Please add one, modifying
    Authors@R: c(person(given = c("Juan", "A."),
                        family = "Ferrer-Bonsoms",
                        role = c("aut", "cre"),
                        email = "jafhernandez@tecnun.es"),
                 person(given = "Laura",
                        family = "Jareno",
                        role = "aut"),
                 person(given = "Angel",
                        family = "Rubio",
                        role = "aut"))
  as necessary.
Flavors: r-devel-linux-x86_64-debian-clang, r-devel-linux-x86_64-debian-gcc