Last updated on 2024-06-14 01:51:33 CEST.
Flavor | Version | Tinstall | Tcheck | Ttotal | Status | Flags |
---|---|---|---|---|---|---|
r-devel-linux-x86_64-debian-clang | 0.1.11 | 137.50 | 48.65 | 186.15 | OK | |
r-devel-linux-x86_64-debian-gcc | 0.1.11 | 106.59 | 37.39 | 143.98 | OK | |
r-devel-linux-x86_64-fedora-clang | 0.1.11 | 246.44 | NOTE | |||
r-devel-linux-x86_64-fedora-gcc | 0.1.11 | 174.41 | OK | |||
r-devel-windows-x86_64 | 0.1.11 | 98.00 | 99.00 | 197.00 | NOTE | |
r-patched-linux-x86_64 | 0.1.11 | 133.23 | 47.59 | 180.82 | OK | |
r-release-linux-x86_64 | 0.1.11 | 129.42 | 48.03 | 177.45 | OK | |
r-release-macos-arm64 | 0.1.11 | 54.00 | NOTE | |||
r-release-macos-x86_64 | 0.1.11 | 70.00 | NOTE | |||
r-release-windows-x86_64 | 0.1.11 | 100.00 | 104.00 | 204.00 | NOTE | |
r-oldrel-macos-arm64 | 0.1.11 | 62.00 | NOTE | |||
r-oldrel-macos-x86_64 | 0.1.11 | 131.00 | NOTE | |||
r-oldrel-windows-x86_64 | 0.1.11 | 92.00 | 105.00 | 197.00 | NOTE |
Version: 0.1.11
Check: installed package size
Result: NOTE
installed size is 7.8Mb
sub-directories of 1Mb or more:
include 2.0Mb
jsonexamples 3.8Mb
libs 1.7Mb
Flavors: r-devel-linux-x86_64-fedora-clang, r-devel-windows-x86_64, r-release-macos-arm64, r-release-macos-x86_64, r-release-windows-x86_64, r-oldrel-macos-arm64, r-oldrel-macos-x86_64, r-oldrel-windows-x86_64