Last updated on 2024-06-14 01:51:33 CEST.
Flavor | Version | Tinstall | Tcheck | Ttotal | Status | Flags |
---|---|---|---|---|---|---|
r-devel-linux-x86_64-debian-clang | 0.3-1 | 17.82 | 167.83 | 185.65 | OK | |
r-devel-linux-x86_64-debian-gcc | 0.3-1 | 0.32 | 1.64 | 1.96 | ERROR | |
r-devel-linux-x86_64-fedora-clang | 0.3-1 | 240.02 | OK | |||
r-devel-linux-x86_64-fedora-gcc | 0.3-1 | 227.36 | OK | |||
r-devel-windows-x86_64 | 0.3-1 | 20.00 | 229.00 | 249.00 | OK | |
r-patched-linux-x86_64 | 0.3-1 | 17.37 | 160.62 | 177.99 | OK | |
r-release-linux-x86_64 | 0.3-1 | 18.23 | 158.49 | 176.72 | OK | |
r-release-macos-arm64 | 0.3-1 | 71.00 | OK | |||
r-release-macos-x86_64 | 0.3-1 | 103.00 | OK | |||
r-release-windows-x86_64 | 0.3-1 | 19.00 | 205.00 | 224.00 | OK | |
r-oldrel-macos-arm64 | 0.3-1 | 68.00 | OK | |||
r-oldrel-macos-x86_64 | 0.3-1 | 112.00 | OK | |||
r-oldrel-windows-x86_64 | 0.3-1 | 23.00 | 159.00 | 182.00 | OK |
Version: 0.3-1
Check: package dependencies
Result: ERROR
Packages required but not available: 'Rcmdr', 'Hmisc'
See section ‘The DESCRIPTION file’ in the ‘Writing R Extensions’
manual.
Flavor: r-devel-linux-x86_64-debian-gcc