Last updated on 2024-06-17 01:48:39 CEST.
Flavor | Version | Tinstall | Tcheck | Ttotal | Status | Flags |
---|---|---|---|---|---|---|
r-devel-linux-x86_64-debian-clang | 2.9-1 | 10.72 | 79.97 | 90.69 | NOTE | |
r-devel-linux-x86_64-debian-gcc | 2.9-1 | 7.51 | 58.94 | 66.45 | NOTE | |
r-devel-linux-x86_64-fedora-clang | 2.9-1 | 114.53 | NOTE | |||
r-devel-linux-x86_64-fedora-gcc | 2.9-1 | 106.06 | NOTE | |||
r-devel-windows-x86_64 | 2.9-1 | 11.00 | 92.00 | 103.00 | NOTE | |
r-patched-linux-x86_64 | 2.9-1 | 18.61 | 78.08 | 96.69 | NOTE | |
r-release-linux-x86_64 | 2.9-1 | 9.27 | 77.92 | 87.19 | NOTE | |
r-release-macos-arm64 | 2.9-1 | 33.00 | NOTE | |||
r-release-macos-x86_64 | 2.9-1 | 46.00 | NOTE | |||
r-release-windows-x86_64 | 2.9-1 | 12.00 | 92.00 | 104.00 | NOTE | |
r-oldrel-macos-arm64 | 2.9-1 | 34.00 | OK | |||
r-oldrel-macos-x86_64 | 2.9-1 | 77.00 | OK | |||
r-oldrel-windows-x86_64 | 2.9-1 | 15.00 | 96.00 | 111.00 | OK |
Version: 2.9-1
Check: Rd files
Result: NOTE
checkRd: (-1) indexplot.Rd:28: Lost braces
28 | \item{legend}{keyword (see \code{link}[grapics]{legend}) giving location of the legend if \code{groups} are specified;
| ^
Flavors: r-devel-linux-x86_64-debian-clang, r-devel-linux-x86_64-debian-gcc, r-devel-linux-x86_64-fedora-clang, r-devel-linux-x86_64-fedora-gcc, r-devel-windows-x86_64, r-patched-linux-x86_64, r-release-linux-x86_64, r-release-macos-arm64, r-release-macos-x86_64, r-release-windows-x86_64