Last updated on 2024-05-20 01:49:31 CEST.
Flavor | Version | Tinstall | Tcheck | Ttotal | Status | Flags |
---|---|---|---|---|---|---|
r-devel-linux-x86_64-debian-clang | 0.9-83-7 | 20.47 | 146.49 | 166.96 | NOTE | |
r-devel-linux-x86_64-debian-gcc | 0.9-83-7 | 16.59 | 101.71 | 118.30 | NOTE | |
r-devel-linux-x86_64-fedora-clang | 0.9-83-7 | 221.52 | NOTE | |||
r-devel-linux-x86_64-fedora-gcc | 0.9-83-7 | 200.30 | NOTE | |||
r-devel-windows-x86_64 | 0.9-83-7 | 19.00 | 148.00 | 167.00 | NOTE | |
r-patched-linux-x86_64 | 0.9-83-7 | 29.98 | 137.08 | 167.06 | NOTE | |
r-release-linux-x86_64 | 0.9-83-7 | 16.87 | 137.17 | 154.04 | NOTE | |
r-release-macos-arm64 | 0.9-83-7 | 50.00 | NOTE | |||
r-release-windows-x86_64 | 0.9-83-7 | 20.00 | 146.00 | 166.00 | NOTE | |
r-oldrel-macos-arm64 | 0.9-83-7 | 50.00 | NOTE | |||
r-oldrel-macos-x86_64 | 0.9-83-7 | 149.00 | NOTE | |||
r-oldrel-windows-x86_64 | 0.9-83-7 | 27.00 | 176.00 | 203.00 | WARN |
Version: 0.9-83-7
Check: package dependencies
Result: NOTE
Package which this enhances but not available for checking: ‘glmmADMB’
Flavors: r-devel-linux-x86_64-debian-clang, r-devel-linux-x86_64-debian-gcc, r-devel-linux-x86_64-fedora-clang, r-devel-linux-x86_64-fedora-gcc, r-devel-windows-x86_64, r-patched-linux-x86_64, r-release-linux-x86_64, r-release-macos-arm64, r-release-windows-x86_64, r-oldrel-macos-arm64, r-oldrel-macos-x86_64, r-oldrel-windows-x86_64
Version: 0.9-83-7
Check: examples
Result: WARN
Found the following significant warnings:
Warning: 'adonis' is deprecated.
Warning: 'adonis' is deprecated.
Warning: 'vegan::adonis' is deprecated.
Warning: 'vegan::adonis' is deprecated.
Warning: 'vegan::adonis' is deprecated.
Warning: 'vegan::adonis' is deprecated.
Warning: 'vegan::adonis' is deprecated.
Warning: 'vegan::adonis' is deprecated.
Warning: 'vegan::adonis' is deprecated.
Warning: 'vegan::adonis' is deprecated.
Warning: 'adonis' is deprecated.
Deprecated functions may be defunct as soon as of the next release of
R.
See ?Deprecated.
Flavor: r-oldrel-windows-x86_64