Last updated on 2024-06-14 01:51:33 CEST.
Flavor | Version | Tinstall | Tcheck | Ttotal | Status | Flags |
---|---|---|---|---|---|---|
r-devel-linux-x86_64-debian-clang | 1.0.3 | 6.59 | 76.34 | 82.93 | NOTE | |
r-devel-linux-x86_64-debian-gcc | 1.0.3 | 5.11 | 55.40 | 60.51 | ERROR | |
r-devel-linux-x86_64-fedora-clang | 1.0.3 | 103.55 | NOTE | |||
r-devel-linux-x86_64-fedora-gcc | 1.0.3 | 97.77 | NOTE | |||
r-devel-windows-x86_64 | 1.0.3 | 6.00 | 96.00 | 102.00 | NOTE | |
r-patched-linux-x86_64 | 1.0.3 | 5.95 | 74.22 | 80.17 | NOTE | |
r-release-linux-x86_64 | 1.0.3 | 5.25 | 75.60 | 80.85 | NOTE | |
r-release-macos-arm64 | 1.0.3 | 33.00 | NOTE | |||
r-release-macos-x86_64 | 1.0.3 | 47.00 | NOTE | |||
r-release-windows-x86_64 | 1.0.3 | 6.00 | 97.00 | 103.00 | NOTE | |
r-oldrel-macos-arm64 | 1.0.3 | 34.00 | NOTE | |||
r-oldrel-macos-x86_64 | 1.0.3 | 55.00 | NOTE | |||
r-oldrel-windows-x86_64 | 1.0.3 | 7.00 | 92.00 | 99.00 | NOTE |
Version: 1.0.3
Check: LazyData
Result: NOTE
'LazyData' is specified without a 'data' directory
Flavors: r-devel-linux-x86_64-debian-clang, r-devel-linux-x86_64-debian-gcc, r-devel-linux-x86_64-fedora-clang, r-devel-linux-x86_64-fedora-gcc, r-devel-windows-x86_64, r-patched-linux-x86_64, r-release-linux-x86_64, r-release-macos-arm64, r-release-macos-x86_64, r-release-windows-x86_64, r-oldrel-macos-arm64, r-oldrel-macos-x86_64, r-oldrel-windows-x86_64
Version: 1.0.3
Check: package dependencies
Result: NOTE
Package suggested but not available for checking: ‘testthat’
Flavor: r-devel-linux-x86_64-debian-gcc
Version: 1.0.3
Check: tests
Result: ERROR
Running ‘testthat.R’ [0s/0s]
Running the tests in ‘tests/testthat.R’ failed.
Complete output:
> library(testthat)
Error in library(testthat) : there is no package called 'testthat'
Execution halted
Flavor: r-devel-linux-x86_64-debian-gcc
Version: 1.0.3
Check: dependencies in R code
Result: NOTE
Namespace in Imports field not imported from: ‘Rdpack’
All declared Imports should be used.
Flavors: r-devel-linux-x86_64-fedora-clang, r-devel-linux-x86_64-fedora-gcc